{"id":16992,"date":"2024-07-10T23:00:29","date_gmt":"2024-07-10T23:00:29","guid":{"rendered":"https:\/\/para-pharmacity.tn\/?product=excipial-repair-sensitive"},"modified":"2024-08-19T19:39:20","modified_gmt":"2024-08-19T19:39:20","slug":"excipial-repair-sensitive","status":"publish","type":"product","link":"https:\/\/para-pharmacity.tn\/?product=excipial-repair-sensitive","title":{"rendered":"EXCIPIAL REPAIR SENSITIVE"},"content":{"rendered":"<p class=\"title-brand\"><strong><span class=\"text-gray-darker\">Description :<\/span><\/strong><\/p>\n<div>\n<p>Votre \u00ab\u00a0plus\u00a0\u00bb produit :<\/p>\n<p>Plus qu&rsquo;une cr\u00e8me hydratante pour les mains, Excipial Repair Senstive r\u00e9pare efficacement la peau alt\u00e9r\u00e9e des mains ab\u00eem\u00e9es, irrit\u00e9es ou s\u00e8ches.<\/p>\n<p>Indications :<\/p>\n<p>Cr\u00e8me de soin r\u00e9g\u00e9n\u00e9ratrice nourrissante pour les mains abim\u00e9es, irrit\u00e9es ou s\u00e8ches.<br \/>\nPour un usage professionnel et familial.<\/p>\n<p>Propri\u00e9t\u00e9s :<\/p>\n<p>Association synergique d\u2019actifs soigneusement s\u00e9lectionn\u00e9s acc\u00e9l\u00e9rateurs de la restructuration de la peau des mains ab\u00eem\u00e9es.<br \/>\nEnrichis en actifs hydratants et restructurant : huile d\u2019onagre, huile de cardamine, squalane, glyc\u00e9rine.<br \/>\nTexture non grasse, non collante, laisse les mains douces et soyeuses.<br \/>\nSans parfum.<br \/>\nSans paraben.<\/p>\n<\/div>\n<p class=\"title-brand\"><strong><span class=\"text-gray-darker\">Conseils d&rsquo;utilisation :<\/span><\/strong><\/p>\n<div>\n<p>Appliquer le soir, apr\u00e8s un nettoyage soigneux des mains avec Excipial Clean.<\/p>\n<p>S&rsquo;utilise \u00e9galement en journ\u00e9e pour le soin des mains s\u00e8ches, lorsqu\u2019une cr\u00e8me bari\u00e8re (Excipial Protect) n\u2019est pas n\u00e9cessaire.<\/p>\n<\/div>\n<p class=\"title-brand\"><strong><span class=\"text-gray-darker\">Composition :<\/span><\/strong><\/p>\n<div>\n<p>Aqua, Behenyl Alcohol, Limnanthes Alba Seed Oil, Paraffinum Liquidum, Glycerin, Ethylhexyl Palmitate, Cetearyl Alcohol, Niacinamide, Panthenol, Squalane, Ceteth-10, Steareth-20, Dimethicone, Tocopherol, Disodium EDTA, Polyaminopropyl Biguanide, Sodium Hydroxide.<\/p>\n<\/div>\n","protected":false},"excerpt":{"rendered":"<p>Excipial Repair Sensitive est une cr\u00e8me de soin r\u00e9paratrice et r\u00e9g\u00e9n\u00e9ratrice, particuli\u00e8rement efficace pour les mains fragilis\u00e9es par des agents nocifs ou par le froid.<\/p>\n<div>Contenance:\u00a0<span class=\"text--smaller\">50ml<\/span><\/div>\n","protected":false},"featured_media":23649,"comment_status":"open","ping_status":"closed","template":"","meta":[],"product_cat":[20],"product_tag":[],"class_list":{"0":"post-16992","1":"product","2":"type-product","3":"status-publish","4":"has-post-thumbnail","6":"product_cat-accessories","8":"first","9":"instock","10":"shipping-taxable","11":"product-type-simple"},"jetpack_sharing_enabled":true,"_links":{"self":[{"href":"https:\/\/para-pharmacity.tn\/index.php?rest_route=\/wp\/v2\/product\/16992","targetHints":{"allow":["GET"]}}],"collection":[{"href":"https:\/\/para-pharmacity.tn\/index.php?rest_route=\/wp\/v2\/product"}],"about":[{"href":"https:\/\/para-pharmacity.tn\/index.php?rest_route=\/wp\/v2\/types\/product"}],"replies":[{"embeddable":true,"href":"https:\/\/para-pharmacity.tn\/index.php?rest_route=%2Fwp%2Fv2%2Fcomments&post=16992"}],"version-history":[{"count":2,"href":"https:\/\/para-pharmacity.tn\/index.php?rest_route=\/wp\/v2\/product\/16992\/revisions"}],"predecessor-version":[{"id":23651,"href":"https:\/\/para-pharmacity.tn\/index.php?rest_route=\/wp\/v2\/product\/16992\/revisions\/23651"}],"wp:featuredmedia":[{"embeddable":true,"href":"https:\/\/para-pharmacity.tn\/index.php?rest_route=\/wp\/v2\/media\/23649"}],"wp:attachment":[{"href":"https:\/\/para-pharmacity.tn\/index.php?rest_route=%2Fwp%2Fv2%2Fmedia&parent=16992"}],"wp:term":[{"taxonomy":"product_cat","embeddable":true,"href":"https:\/\/para-pharmacity.tn\/index.php?rest_route=%2Fwp%2Fv2%2Fproduct_cat&post=16992"},{"taxonomy":"product_tag","embeddable":true,"href":"https:\/\/para-pharmacity.tn\/index.php?rest_route=%2Fwp%2Fv2%2Fproduct_tag&post=16992"}],"curies":[{"name":"wp","href":"https:\/\/api.w.org\/{rel}","templated":true}]}}