{"id":16968,"date":"2024-07-10T23:00:20","date_gmt":"2024-07-10T23:00:20","guid":{"rendered":"https:\/\/para-pharmacity.tn\/?product=esth-tisane-diabte"},"modified":"2024-08-19T11:41:07","modified_gmt":"2024-08-19T11:41:07","slug":"esth-tisane-diabte","status":"publish","type":"product","link":"https:\/\/para-pharmacity.tn\/?product=esth-tisane-diabte","title":{"rendered":"ESTH TISANE DIABTE"},"content":{"rendered":"<p>*Dimine le taux du Sucre dans le sang.<\/p>\n<p>*Stimule la s\u00e9cr\u00e9tion h\u00e9patique et pancr\u00e9atique.<\/p>\n<p>*R\u00e9gule le taux de triglyc\u00e9ride et de chol\u00e9strol dans le sang.<\/p>\n<p>Ce m\u00e9lange ne peut se substituer \u00e0 votre traitement habituel. Il peut \u00eatre utilis\u00e9 en parall\u00e8le.<\/p>\n","protected":false},"excerpt":{"rendered":"<p>Boisson Pour Diab\u00e9tiques:<\/p>\n<p>&#8211; Action favorable sur la glyc\u00e9mie<\/p>\n<p>&#8211; Stimule la s\u00e9cr\u00e9tion dinsuline<\/p>\n<p>&#8211; \u00c9quilibre le taux du cholest\u00e9rol et des triglyc\u00e9rides<\/p>\n","protected":false},"featured_media":23567,"comment_status":"open","ping_status":"closed","template":"","meta":[],"product_cat":[20],"product_tag":[],"class_list":{"0":"post-16968","1":"product","2":"type-product","3":"status-publish","4":"has-post-thumbnail","6":"product_cat-accessories","8":"first","9":"instock","10":"shipping-taxable","11":"product-type-simple"},"jetpack_sharing_enabled":true,"_links":{"self":[{"href":"https:\/\/para-pharmacity.tn\/index.php?rest_route=\/wp\/v2\/product\/16968","targetHints":{"allow":["GET"]}}],"collection":[{"href":"https:\/\/para-pharmacity.tn\/index.php?rest_route=\/wp\/v2\/product"}],"about":[{"href":"https:\/\/para-pharmacity.tn\/index.php?rest_route=\/wp\/v2\/types\/product"}],"replies":[{"embeddable":true,"href":"https:\/\/para-pharmacity.tn\/index.php?rest_route=%2Fwp%2Fv2%2Fcomments&post=16968"}],"version-history":[{"count":2,"href":"https:\/\/para-pharmacity.tn\/index.php?rest_route=\/wp\/v2\/product\/16968\/revisions"}],"predecessor-version":[{"id":23568,"href":"https:\/\/para-pharmacity.tn\/index.php?rest_route=\/wp\/v2\/product\/16968\/revisions\/23568"}],"wp:featuredmedia":[{"embeddable":true,"href":"https:\/\/para-pharmacity.tn\/index.php?rest_route=\/wp\/v2\/media\/23567"}],"wp:attachment":[{"href":"https:\/\/para-pharmacity.tn\/index.php?rest_route=%2Fwp%2Fv2%2Fmedia&parent=16968"}],"wp:term":[{"taxonomy":"product_cat","embeddable":true,"href":"https:\/\/para-pharmacity.tn\/index.php?rest_route=%2Fwp%2Fv2%2Fproduct_cat&post=16968"},{"taxonomy":"product_tag","embeddable":true,"href":"https:\/\/para-pharmacity.tn\/index.php?rest_route=%2Fwp%2Fv2%2Fproduct_tag&post=16968"}],"curies":[{"name":"wp","href":"https:\/\/api.w.org\/{rel}","templated":true}]}}