{"id":16967,"date":"2024-07-10T23:00:19","date_gmt":"2024-07-10T23:00:19","guid":{"rendered":"https:\/\/para-pharmacity.tn\/?product=esth-tisane-confort-feminin"},"modified":"2024-08-19T11:45:16","modified_gmt":"2024-08-19T11:45:16","slug":"esth-tisane-confort-feminin","status":"publish","type":"product","link":"https:\/\/para-pharmacity.tn\/?product=esth-tisane-confort-feminin","title":{"rendered":"ESTH TISANE CONFORT FEMININ"},"content":{"rendered":"","protected":false},"excerpt":{"rendered":"<p>La Tisane Confort F\u00e9minin est une parfaite alliance de plantes soigneusement s\u00e9lectionn\u00e9es qui lib\u00e8re toutes ses vertus bienfaisantes afin de soulager la p\u00e9riode pr\u00e9menstruelle.<\/p>\n","protected":false},"featured_media":23562,"comment_status":"open","ping_status":"closed","template":"","meta":[],"product_cat":[20],"product_tag":[],"class_list":{"0":"post-16967","1":"product","2":"type-product","3":"status-publish","4":"has-post-thumbnail","6":"product_cat-accessories","8":"first","9":"instock","10":"shipping-taxable","11":"product-type-simple"},"jetpack_sharing_enabled":true,"_links":{"self":[{"href":"https:\/\/para-pharmacity.tn\/index.php?rest_route=\/wp\/v2\/product\/16967","targetHints":{"allow":["GET"]}}],"collection":[{"href":"https:\/\/para-pharmacity.tn\/index.php?rest_route=\/wp\/v2\/product"}],"about":[{"href":"https:\/\/para-pharmacity.tn\/index.php?rest_route=\/wp\/v2\/types\/product"}],"replies":[{"embeddable":true,"href":"https:\/\/para-pharmacity.tn\/index.php?rest_route=%2Fwp%2Fv2%2Fcomments&post=16967"}],"version-history":[{"count":2,"href":"https:\/\/para-pharmacity.tn\/index.php?rest_route=\/wp\/v2\/product\/16967\/revisions"}],"predecessor-version":[{"id":23565,"href":"https:\/\/para-pharmacity.tn\/index.php?rest_route=\/wp\/v2\/product\/16967\/revisions\/23565"}],"wp:featuredmedia":[{"embeddable":true,"href":"https:\/\/para-pharmacity.tn\/index.php?rest_route=\/wp\/v2\/media\/23562"}],"wp:attachment":[{"href":"https:\/\/para-pharmacity.tn\/index.php?rest_route=%2Fwp%2Fv2%2Fmedia&parent=16967"}],"wp:term":[{"taxonomy":"product_cat","embeddable":true,"href":"https:\/\/para-pharmacity.tn\/index.php?rest_route=%2Fwp%2Fv2%2Fproduct_cat&post=16967"},{"taxonomy":"product_tag","embeddable":true,"href":"https:\/\/para-pharmacity.tn\/index.php?rest_route=%2Fwp%2Fv2%2Fproduct_tag&post=16967"}],"curies":[{"name":"wp","href":"https:\/\/api.w.org\/{rel}","templated":true}]}}