{"id":16957,"date":"2024-07-10T23:00:15","date_gmt":"2024-07-10T23:00:15","guid":{"rendered":"https:\/\/para-pharmacity.tn\/?product=esth-phyto-hematum"},"modified":"2024-08-16T11:09:24","modified_gmt":"2024-08-16T11:09:24","slug":"esth-phyto-hematum","status":"publish","type":"product","link":"https:\/\/para-pharmacity.tn\/?product=esth-phyto-hematum","title":{"rendered":"ESTH PHYTO HEMATUM"},"content":{"rendered":"<p>Phyto Hematum\u00a0est un gel d\u2019Arnica utile pour les h\u00e9matomes et les ecchymoses.<\/p>\n<p>Action b\u00e9n\u00e9fique sur l\u2019h\u00e9matome (Bosse).<\/p>\n<p>Pr\u00e9vention et traitement d\u2019ecchymose (Bleu)<\/p>\n<p>Contusion (Coup \/ Entorse)<\/p>\n<p>En cas d\u2019interventions chirurgicales locales ou de traitements de comblements par injection<\/p>\n","protected":false},"excerpt":{"rendered":"<p>Phyto Hematum\u00a0est un gel d&rsquo;Arnica utile pour les h\u00e9matomes et les ecchymoses.<\/p>\n<p>Action b\u00e9n\u00e9fique sur l&rsquo;h\u00e9matome (Bosse).<\/p>\n<p>Pr\u00e9vention et traitement d&rsquo;ecchymose (Bleu)<\/p>\n<p>Contusion (Coup \/ Entorse)<\/p>\n<p>En cas d&rsquo;interventions chirurgicales locales ou de traitements de comblements par injection<\/p>\n","protected":false},"featured_media":23503,"comment_status":"open","ping_status":"closed","template":"","meta":[],"product_cat":[20],"product_tag":[],"class_list":{"0":"post-16957","1":"product","2":"type-product","3":"status-publish","4":"has-post-thumbnail","6":"product_cat-accessories","8":"first","9":"instock","10":"shipping-taxable","11":"product-type-simple"},"jetpack_sharing_enabled":true,"_links":{"self":[{"href":"https:\/\/para-pharmacity.tn\/index.php?rest_route=\/wp\/v2\/product\/16957","targetHints":{"allow":["GET"]}}],"collection":[{"href":"https:\/\/para-pharmacity.tn\/index.php?rest_route=\/wp\/v2\/product"}],"about":[{"href":"https:\/\/para-pharmacity.tn\/index.php?rest_route=\/wp\/v2\/types\/product"}],"replies":[{"embeddable":true,"href":"https:\/\/para-pharmacity.tn\/index.php?rest_route=%2Fwp%2Fv2%2Fcomments&post=16957"}],"version-history":[{"count":2,"href":"https:\/\/para-pharmacity.tn\/index.php?rest_route=\/wp\/v2\/product\/16957\/revisions"}],"predecessor-version":[{"id":23504,"href":"https:\/\/para-pharmacity.tn\/index.php?rest_route=\/wp\/v2\/product\/16957\/revisions\/23504"}],"wp:featuredmedia":[{"embeddable":true,"href":"https:\/\/para-pharmacity.tn\/index.php?rest_route=\/wp\/v2\/media\/23503"}],"wp:attachment":[{"href":"https:\/\/para-pharmacity.tn\/index.php?rest_route=%2Fwp%2Fv2%2Fmedia&parent=16957"}],"wp:term":[{"taxonomy":"product_cat","embeddable":true,"href":"https:\/\/para-pharmacity.tn\/index.php?rest_route=%2Fwp%2Fv2%2Fproduct_cat&post=16957"},{"taxonomy":"product_tag","embeddable":true,"href":"https:\/\/para-pharmacity.tn\/index.php?rest_route=%2Fwp%2Fv2%2Fproduct_tag&post=16957"}],"curies":[{"name":"wp","href":"https:\/\/api.w.org\/{rel}","templated":true}]}}