{"id":16946,"date":"2024-07-10T23:00:09","date_gmt":"2024-07-10T23:00:09","guid":{"rendered":"https:\/\/para-pharmacity.tn\/?product=esth-hydra-sun-teinte-spf-50"},"modified":"2024-08-15T13:15:42","modified_gmt":"2024-08-15T13:15:42","slug":"esth-hydra-sun-teinte-spf-50","status":"publish","type":"product","link":"https:\/\/para-pharmacity.tn\/?product=esth-hydra-sun-teinte-spf-50","title":{"rendered":"ESTH HYDRA SUN TEINTE SPF 50+"},"content":{"rendered":"<p>L&rsquo;\u00e9cran total teint\u00e9 Beauty Sun \u00e0 l&rsquo;acide hyaluronique et \u00e0 l&rsquo;huile d&rsquo;argan vous offre :<\/p>\n<p>* Une protection contre les coups de soleil et contre la photo vieillissement<\/p>\n<p>* Une hydratation intense<\/p>\n<p>* Un soin de la peau<\/p>\n","protected":false},"excerpt":{"rendered":"<p>\u00c9cran Solaire HYDRASUN cr\u00e8me Solaire TEINTEE SPF 50+ \u00e0 l&rsquo;acide hyaluronique et \u00e0 l&rsquo;huile d&rsquo;argan vous offre: Une protection contre les coups de soleil et contre le photo vieillissement<\/p>\n","protected":false},"featured_media":23428,"comment_status":"open","ping_status":"closed","template":"","meta":[],"product_cat":[20],"product_tag":[],"class_list":{"0":"post-16946","1":"product","2":"type-product","3":"status-publish","4":"has-post-thumbnail","6":"product_cat-accessories","8":"first","9":"instock","10":"shipping-taxable","11":"product-type-simple"},"jetpack_sharing_enabled":true,"_links":{"self":[{"href":"https:\/\/para-pharmacity.tn\/index.php?rest_route=\/wp\/v2\/product\/16946","targetHints":{"allow":["GET"]}}],"collection":[{"href":"https:\/\/para-pharmacity.tn\/index.php?rest_route=\/wp\/v2\/product"}],"about":[{"href":"https:\/\/para-pharmacity.tn\/index.php?rest_route=\/wp\/v2\/types\/product"}],"replies":[{"embeddable":true,"href":"https:\/\/para-pharmacity.tn\/index.php?rest_route=%2Fwp%2Fv2%2Fcomments&post=16946"}],"version-history":[{"count":2,"href":"https:\/\/para-pharmacity.tn\/index.php?rest_route=\/wp\/v2\/product\/16946\/revisions"}],"predecessor-version":[{"id":23429,"href":"https:\/\/para-pharmacity.tn\/index.php?rest_route=\/wp\/v2\/product\/16946\/revisions\/23429"}],"wp:featuredmedia":[{"embeddable":true,"href":"https:\/\/para-pharmacity.tn\/index.php?rest_route=\/wp\/v2\/media\/23428"}],"wp:attachment":[{"href":"https:\/\/para-pharmacity.tn\/index.php?rest_route=%2Fwp%2Fv2%2Fmedia&parent=16946"}],"wp:term":[{"taxonomy":"product_cat","embeddable":true,"href":"https:\/\/para-pharmacity.tn\/index.php?rest_route=%2Fwp%2Fv2%2Fproduct_cat&post=16946"},{"taxonomy":"product_tag","embeddable":true,"href":"https:\/\/para-pharmacity.tn\/index.php?rest_route=%2Fwp%2Fv2%2Fproduct_tag&post=16946"}],"curies":[{"name":"wp","href":"https:\/\/api.w.org\/{rel}","templated":true}]}}