{"id":16935,"date":"2024-07-10T23:00:05","date_gmt":"2024-07-10T23:00:05","guid":{"rendered":"https:\/\/para-pharmacity.tn\/?product=esth-coff-sensy-glow"},"modified":"2024-08-14T19:02:25","modified_gmt":"2024-08-14T19:02:25","slug":"esth-coff-sensy-glow","status":"publish","type":"product","link":"https:\/\/para-pharmacity.tn\/?product=esth-coff-sensy-glow","title":{"rendered":"ESTH COFF SENSY GLOW"},"content":{"rendered":"<p>Le GEL NETTOYANT SENSY GLOW nettoie en douceur et en profondeur le visage et le d\u00e9collet\u00e9.il d\u00e9barrasse les pores des impuret\u00e9s et des cellules mortes en retirant l&rsquo;exc\u00e8s et en r\u00e9duisant la prolif\u00e9ration bact\u00e9rienne, sans agresser ni dess\u00e9cher .<\/p>\n","protected":false},"excerpt":{"rendered":"<p>Le GEL NETTOYANT SENSY GLOW nettoie en douceur et en profondeur le visage et le d\u00e9collet\u00e9.il d\u00e9barrasse les pores des impuret\u00e9s et des cellules mortes en retirant l&rsquo;exc\u00e8s et en r\u00e9duisant la prolif\u00e9ration bact\u00e9rienne, sans agresser ni dess\u00e9cher .<\/p>\n","protected":false},"featured_media":23365,"comment_status":"open","ping_status":"closed","template":"","meta":[],"product_cat":[20],"product_tag":[],"class_list":{"0":"post-16935","1":"product","2":"type-product","3":"status-publish","4":"has-post-thumbnail","6":"product_cat-accessories","8":"first","9":"instock","10":"shipping-taxable","11":"product-type-simple"},"jetpack_sharing_enabled":true,"_links":{"self":[{"href":"https:\/\/para-pharmacity.tn\/index.php?rest_route=\/wp\/v2\/product\/16935","targetHints":{"allow":["GET"]}}],"collection":[{"href":"https:\/\/para-pharmacity.tn\/index.php?rest_route=\/wp\/v2\/product"}],"about":[{"href":"https:\/\/para-pharmacity.tn\/index.php?rest_route=\/wp\/v2\/types\/product"}],"replies":[{"embeddable":true,"href":"https:\/\/para-pharmacity.tn\/index.php?rest_route=%2Fwp%2Fv2%2Fcomments&post=16935"}],"version-history":[{"count":2,"href":"https:\/\/para-pharmacity.tn\/index.php?rest_route=\/wp\/v2\/product\/16935\/revisions"}],"predecessor-version":[{"id":23364,"href":"https:\/\/para-pharmacity.tn\/index.php?rest_route=\/wp\/v2\/product\/16935\/revisions\/23364"}],"wp:featuredmedia":[{"embeddable":true,"href":"https:\/\/para-pharmacity.tn\/index.php?rest_route=\/wp\/v2\/media\/23365"}],"wp:attachment":[{"href":"https:\/\/para-pharmacity.tn\/index.php?rest_route=%2Fwp%2Fv2%2Fmedia&parent=16935"}],"wp:term":[{"taxonomy":"product_cat","embeddable":true,"href":"https:\/\/para-pharmacity.tn\/index.php?rest_route=%2Fwp%2Fv2%2Fproduct_cat&post=16935"},{"taxonomy":"product_tag","embeddable":true,"href":"https:\/\/para-pharmacity.tn\/index.php?rest_route=%2Fwp%2Fv2%2Fproduct_tag&post=16935"}],"curies":[{"name":"wp","href":"https:\/\/api.w.org\/{rel}","templated":true}]}}