{"id":16929,"date":"2024-07-10T23:00:04","date_gmt":"2024-07-10T23:00:04","guid":{"rendered":"https:\/\/para-pharmacity.tn\/?product=esth-cicaplaie-a2-50gr"},"modified":"2024-08-14T18:00:37","modified_gmt":"2024-08-14T18:00:37","slug":"esth-cicaplaie-a2-50gr","status":"publish","type":"product","link":"https:\/\/para-pharmacity.tn\/?product=esth-cicaplaie-a2-50gr","title":{"rendered":"ESTH CICAPLAIE A2 50GR"},"content":{"rendered":"<p>Cicaplaie \u00ab\u00a0ESTH&rsquo;ELLE\u00a0\u00bb est une cr\u00e8me cicatrisante apaisante:<\/p>\n<ul>\n<li>Assure la migration la r\u00e9g\u00e9n\u00e9ration des cellules endommag\u00e9es de la peau .<\/li>\n<li>Prot\u00e8ge contre les cicatrices et toutes les agressions cutan\u00e9es (rougeurs, frottements\u2026).<\/li>\n<li>Redonne douceur et souplesse \u00e0 la peau.<\/li>\n<\/ul>\n","protected":false},"excerpt":{"rendered":"<p>Une cr\u00e8me cicatrisante apaisante: Assure la migration la r\u00e9g\u00e9n\u00e9ration des cellules endommag\u00e9es de la peau . Prot\u00e8ge contre les cicatrices et toutes les agressions cutan\u00e9es. Redonne douceur et souplesse \u00e0 la peau.<\/p>\n","protected":false},"featured_media":23332,"comment_status":"open","ping_status":"closed","template":"","meta":[],"product_cat":[20],"product_tag":[],"class_list":{"0":"post-16929","1":"product","2":"type-product","3":"status-publish","4":"has-post-thumbnail","6":"product_cat-accessories","8":"first","9":"instock","10":"shipping-taxable","11":"product-type-simple"},"jetpack_sharing_enabled":true,"_links":{"self":[{"href":"https:\/\/para-pharmacity.tn\/index.php?rest_route=\/wp\/v2\/product\/16929","targetHints":{"allow":["GET"]}}],"collection":[{"href":"https:\/\/para-pharmacity.tn\/index.php?rest_route=\/wp\/v2\/product"}],"about":[{"href":"https:\/\/para-pharmacity.tn\/index.php?rest_route=\/wp\/v2\/types\/product"}],"replies":[{"embeddable":true,"href":"https:\/\/para-pharmacity.tn\/index.php?rest_route=%2Fwp%2Fv2%2Fcomments&post=16929"}],"version-history":[{"count":2,"href":"https:\/\/para-pharmacity.tn\/index.php?rest_route=\/wp\/v2\/product\/16929\/revisions"}],"predecessor-version":[{"id":23331,"href":"https:\/\/para-pharmacity.tn\/index.php?rest_route=\/wp\/v2\/product\/16929\/revisions\/23331"}],"wp:featuredmedia":[{"embeddable":true,"href":"https:\/\/para-pharmacity.tn\/index.php?rest_route=\/wp\/v2\/media\/23332"}],"wp:attachment":[{"href":"https:\/\/para-pharmacity.tn\/index.php?rest_route=%2Fwp%2Fv2%2Fmedia&parent=16929"}],"wp:term":[{"taxonomy":"product_cat","embeddable":true,"href":"https:\/\/para-pharmacity.tn\/index.php?rest_route=%2Fwp%2Fv2%2Fproduct_cat&post=16929"},{"taxonomy":"product_tag","embeddable":true,"href":"https:\/\/para-pharmacity.tn\/index.php?rest_route=%2Fwp%2Fv2%2Fproduct_tag&post=16929"}],"curies":[{"name":"wp","href":"https:\/\/api.w.org\/{rel}","templated":true}]}}