{"id":16924,"date":"2024-07-10T23:00:02","date_gmt":"2024-07-10T23:00:02","guid":{"rendered":"https:\/\/para-pharmacity.tn\/?product=esth-bel-eclat-beige"},"modified":"2024-08-14T13:52:54","modified_gmt":"2024-08-14T13:52:54","slug":"esth-bel-eclat-beige","status":"publish","type":"product","link":"https:\/\/para-pharmacity.tn\/?product=esth-bel-eclat-beige","title":{"rendered":"ESTH BEL ECLAT BEIGE"},"content":{"rendered":"<h4><span style=\"color: #70ad47\">Description\u00a0:<\/span><\/h4>\n<p>BEL&rsquo;ECLAT est une cr\u00e8me l\u00e9g\u00e8re riche en acide hyaluronique et en huile d&rsquo;argan. Avec sa texture velout\u00e9e, cette cr\u00e8me de jour allie soin et protection: elle nourrit et hydrate durablement votre peau, tout en lui assurant une haute protection solaire.<\/p>\n<hr \/>\n<h4><span style=\"color: #70ad47\">Conseils d\u2019utilisation\u00a0:<\/span><\/h4>\n<p>Appliquer BEL&rsquo;ECLAT en couche \u00e9paise le matin. Renouveller l&rsquo;application \u00e0 chaque exposition du soleil.<\/p>\n<hr \/>\n<p>L\u2019emballage et la composition peuvent \u00eatre soumis \u00e0 des variations par le fabricant. \u00a0Ma Caverne\u00a0Sant\u00e9 et bien-\u00eatre garantit l\u2019authenticit\u00e9 de tous ses produits. Ma Caverne Sant\u00e9 et bien-\u00eatre La meilleure parapharmacie en Tunisie.<\/p>\n","protected":false},"excerpt":{"rendered":"<p>BEL&rsquo;ECLAT est une cr\u00e8me l\u00e9g\u00e8re riche en acide hyaluronique et en huile d&rsquo;argan<\/p>\n","protected":false},"featured_media":23293,"comment_status":"open","ping_status":"closed","template":"","meta":[],"product_cat":[20],"product_tag":[],"class_list":{"0":"post-16924","1":"product","2":"type-product","3":"status-publish","4":"has-post-thumbnail","6":"product_cat-accessories","8":"first","9":"instock","10":"shipping-taxable","11":"product-type-simple"},"jetpack_sharing_enabled":true,"_links":{"self":[{"href":"https:\/\/para-pharmacity.tn\/index.php?rest_route=\/wp\/v2\/product\/16924","targetHints":{"allow":["GET"]}}],"collection":[{"href":"https:\/\/para-pharmacity.tn\/index.php?rest_route=\/wp\/v2\/product"}],"about":[{"href":"https:\/\/para-pharmacity.tn\/index.php?rest_route=\/wp\/v2\/types\/product"}],"replies":[{"embeddable":true,"href":"https:\/\/para-pharmacity.tn\/index.php?rest_route=%2Fwp%2Fv2%2Fcomments&post=16924"}],"version-history":[{"count":2,"href":"https:\/\/para-pharmacity.tn\/index.php?rest_route=\/wp\/v2\/product\/16924\/revisions"}],"predecessor-version":[{"id":23297,"href":"https:\/\/para-pharmacity.tn\/index.php?rest_route=\/wp\/v2\/product\/16924\/revisions\/23297"}],"wp:featuredmedia":[{"embeddable":true,"href":"https:\/\/para-pharmacity.tn\/index.php?rest_route=\/wp\/v2\/media\/23293"}],"wp:attachment":[{"href":"https:\/\/para-pharmacity.tn\/index.php?rest_route=%2Fwp%2Fv2%2Fmedia&parent=16924"}],"wp:term":[{"taxonomy":"product_cat","embeddable":true,"href":"https:\/\/para-pharmacity.tn\/index.php?rest_route=%2Fwp%2Fv2%2Fproduct_cat&post=16924"},{"taxonomy":"product_tag","embeddable":true,"href":"https:\/\/para-pharmacity.tn\/index.php?rest_route=%2Fwp%2Fv2%2Fproduct_tag&post=16924"}],"curies":[{"name":"wp","href":"https:\/\/api.w.org\/{rel}","templated":true}]}}