{"id":16922,"date":"2024-07-10T23:00:02","date_gmt":"2024-07-10T23:00:02","guid":{"rendered":"https:\/\/para-pharmacity.tn\/?product=eric-favre-special-kids-nezgorge"},"modified":"2024-08-14T13:46:22","modified_gmt":"2024-08-14T13:46:22","slug":"eric-favre-special-kids-nezgorge","status":"publish","type":"product","link":"https:\/\/para-pharmacity.tn\/?product=eric-favre-special-kids-nezgorge","title":{"rendered":"ERIC FAVRE SPECIAL KIDS NEZ ET GORGE"},"content":{"rendered":"<p><strong>Description :<\/strong><\/p>\n<p>La gamme\u00a0SPECIAL KID\u00a0r\u00e9pond sp\u00e9cifiquement aux petits d\u00e9sagr\u00e9ments rencontr\u00e9s par nos enfants au quotidien.<\/p>\n<p><strong>INGR\u00c9DIENTS:<\/strong><\/p>\n<p>Eau, extrait d\u2019eucalyptus (90%) ; miel ; extrait de pin (2%) ; extrait de guimauve (2%) ; extrait de bouillon blanc (2%) ; extrait d\u2019\u00e9chinac\u00e9e (2%) ; extrait de mauve (2%) ; glyc\u00e9rine ; ar\u00f4me caramel (1,2%) ; \u00e9paississant : gomme de xanthane ; acidifiant : acide citrique ; conservateurs : benzoate de sodium, sorbate de potassium ; \u00e9dulcorant : sucralose.<\/p>\n<p><strong>CONSEILS D\u2019UTILISATION:<\/strong><br \/>\nAvant 5 ans\u00a0: prendre 5 ml (une cuill\u00e8re \u00e0 caf\u00e9) par jour, le matin.<br \/>\nApr\u00e8s 5 ans\u00a0: prendre 10 ml (une cuill\u00e8re \u00e0 soupe) par jour, le matin. Bien agiter avant emploi. Peut \u00eatre pris pur ou dilu\u00e9 dans un verre d\u2019eau ou une autre boisson.<\/p>\n<p>\u2022\u00a0Sans contre-indications<br \/>\n\u2022\u00a0Go\u00fbt extra caramel<\/p>\n","protected":false},"excerpt":{"rendered":"<p>La gamme\u00a0SPECIAL KID\u00a0r\u00e9pond sp\u00e9cifiquement aux petits d\u00e9sagr\u00e9ments rencontr\u00e9s par nos enfants au quotidien.<\/p>\n","protected":false},"featured_media":23289,"comment_status":"open","ping_status":"closed","template":"","meta":[],"product_cat":[20],"product_tag":[],"class_list":{"0":"post-16922","1":"product","2":"type-product","3":"status-publish","4":"has-post-thumbnail","6":"product_cat-accessories","8":"first","9":"instock","10":"shipping-taxable","11":"product-type-simple"},"jetpack_sharing_enabled":true,"_links":{"self":[{"href":"https:\/\/para-pharmacity.tn\/index.php?rest_route=\/wp\/v2\/product\/16922","targetHints":{"allow":["GET"]}}],"collection":[{"href":"https:\/\/para-pharmacity.tn\/index.php?rest_route=\/wp\/v2\/product"}],"about":[{"href":"https:\/\/para-pharmacity.tn\/index.php?rest_route=\/wp\/v2\/types\/product"}],"replies":[{"embeddable":true,"href":"https:\/\/para-pharmacity.tn\/index.php?rest_route=%2Fwp%2Fv2%2Fcomments&post=16922"}],"version-history":[{"count":3,"href":"https:\/\/para-pharmacity.tn\/index.php?rest_route=\/wp\/v2\/product\/16922\/revisions"}],"predecessor-version":[{"id":23322,"href":"https:\/\/para-pharmacity.tn\/index.php?rest_route=\/wp\/v2\/product\/16922\/revisions\/23322"}],"wp:featuredmedia":[{"embeddable":true,"href":"https:\/\/para-pharmacity.tn\/index.php?rest_route=\/wp\/v2\/media\/23289"}],"wp:attachment":[{"href":"https:\/\/para-pharmacity.tn\/index.php?rest_route=%2Fwp%2Fv2%2Fmedia&parent=16922"}],"wp:term":[{"taxonomy":"product_cat","embeddable":true,"href":"https:\/\/para-pharmacity.tn\/index.php?rest_route=%2Fwp%2Fv2%2Fproduct_cat&post=16922"},{"taxonomy":"product_tag","embeddable":true,"href":"https:\/\/para-pharmacity.tn\/index.php?rest_route=%2Fwp%2Fv2%2Fproduct_tag&post=16922"}],"curies":[{"name":"wp","href":"https:\/\/api.w.org\/{rel}","templated":true}]}}