{"id":16911,"date":"2024-07-10T22:59:56","date_gmt":"2024-07-10T22:59:56","guid":{"rendered":"https:\/\/para-pharmacity.tn\/?product=endocare-tensage-52ml-amp-concentr"},"modified":"2024-07-26T11:21:04","modified_gmt":"2024-07-26T11:21:04","slug":"endocare-tensage-52ml-amp-concentr","status":"publish","type":"product","link":"https:\/\/para-pharmacity.tn\/?product=endocare-tensage-52ml-amp-concentr","title":{"rendered":"ENDOCARE TENSAGE 5*2ML AMP CONCENTR"},"content":{"rendered":"<p>Des ampoules hautement concentr\u00e9es, super intensives, agissant pour raffermir, redensifier et hydrater la peau tout en cr\u00e9ant un effet lift imm\u00e9diat.<\/p>\n<p>Ces ampoules sont formul\u00e9es avec des peptides de pointe qui offrent des bienfaits \u00e9claircissants et d\u00e9pigmentants, contribuant ainsi \u00e0 att\u00e9nuer les taches dues \u00e0 l&rsquo;exposition au soleil.<\/p>\n","protected":false},"excerpt":{"rendered":"<p>Des ampoules hautement concentr\u00e9es, super intensives, agissant pour raffermir, redensifier et hydrater la peau tout en cr\u00e9ant un effet lift<\/p>\n","protected":false},"featured_media":23236,"comment_status":"open","ping_status":"closed","template":"","meta":[],"product_cat":[20],"product_tag":[],"class_list":{"0":"post-16911","1":"product","2":"type-product","3":"status-publish","4":"has-post-thumbnail","6":"product_cat-accessories","8":"first","9":"instock","10":"shipping-taxable","11":"product-type-simple"},"jetpack_sharing_enabled":true,"_links":{"self":[{"href":"https:\/\/para-pharmacity.tn\/index.php?rest_route=\/wp\/v2\/product\/16911","targetHints":{"allow":["GET"]}}],"collection":[{"href":"https:\/\/para-pharmacity.tn\/index.php?rest_route=\/wp\/v2\/product"}],"about":[{"href":"https:\/\/para-pharmacity.tn\/index.php?rest_route=\/wp\/v2\/types\/product"}],"replies":[{"embeddable":true,"href":"https:\/\/para-pharmacity.tn\/index.php?rest_route=%2Fwp%2Fv2%2Fcomments&post=16911"}],"version-history":[{"count":2,"href":"https:\/\/para-pharmacity.tn\/index.php?rest_route=\/wp\/v2\/product\/16911\/revisions"}],"predecessor-version":[{"id":23237,"href":"https:\/\/para-pharmacity.tn\/index.php?rest_route=\/wp\/v2\/product\/16911\/revisions\/23237"}],"wp:featuredmedia":[{"embeddable":true,"href":"https:\/\/para-pharmacity.tn\/index.php?rest_route=\/wp\/v2\/media\/23236"}],"wp:attachment":[{"href":"https:\/\/para-pharmacity.tn\/index.php?rest_route=%2Fwp%2Fv2%2Fmedia&parent=16911"}],"wp:term":[{"taxonomy":"product_cat","embeddable":true,"href":"https:\/\/para-pharmacity.tn\/index.php?rest_route=%2Fwp%2Fv2%2Fproduct_cat&post=16911"},{"taxonomy":"product_tag","embeddable":true,"href":"https:\/\/para-pharmacity.tn\/index.php?rest_route=%2Fwp%2Fv2%2Fproduct_tag&post=16911"}],"curies":[{"name":"wp","href":"https:\/\/api.w.org\/{rel}","templated":true}]}}