{"id":16896,"date":"2024-07-10T22:59:51","date_gmt":"2024-07-10T22:59:51","guid":{"rendered":"https:\/\/para-pharmacity.tn\/?product=edp-rich-man-game-100ml"},"modified":"2024-07-26T10:17:17","modified_gmt":"2024-07-26T10:17:17","slug":"edp-rich-man-game-100ml","status":"publish","type":"product","link":"https:\/\/para-pharmacity.tn\/?product=edp-rich-man-game-100ml","title":{"rendered":"EDP RICH MAN GAME 100ML"},"content":{"rendered":"<p>Apr\u00e8s RICH MAN AQUA, RICH MAN GAME se r\u00e9invente pour mieux incarner une vie pleine de d\u00e9fis.<br \/>\nPlus viril et athl\u00e9tique, l\u2019homme CYRUS est un homme dynamique et sensuel qui prend des mesures avec pour seul objectif de gagner.<br \/>\nCe parfum inspirant est synonyme d\u2019adr\u00e9naline et de victoire.<br \/>\nUn parfum d\u2019\u00e9l\u00e9gance bois\u00e9e et de fra\u00eecheur exaltante.<br \/>\nCette fragrance est un parfum fruit\u00e9 bois\u00e9 qui s\u2019ouvre sur des notes fra\u00eeches et revigorantes. Le c\u0153ur se d\u00e9veloppe autour de notes aromatiques l\u00e9g\u00e8rement \u00e9pic\u00e9es, embl\u00e9matiques de la parfumerie masculine. La base bois\u00e9e apporte du caract\u00e8re, de l\u2019\u00e9l\u00e9gance et de la signature \u00e0 la composition.<br \/>\nComment utiliser<br \/>\nVaporisez le parfum \u00e0 quelques centim\u00e8tres de votre peau, en vous concentrant sur les points chauds (le cou, l\u2019int\u00e9rieur des poignets et des coudes, et derri\u00e8re le lobe de l\u2019oreille) pour exhaler un parfum unique.<br \/>\nPyramide olfactive<br \/>\nAROMATIQUE BOIS\u00c9<br \/>\nNote de t\u00eate\u00a0: PAMPLEMOUSSE, CARDAMOME, ACCORD AQUEUX<br \/>\nNote de coeur\u00a0: LAVANDER, GERANIUM<br \/>\nNote de base\u00a0: BOIS DE C\u00c8DRE, V\u00c9TIVER, AMBRE<\/p>\n","protected":false},"excerpt":{"rendered":"<p>Apr\u00e8s RICH MAN AQUA, RICH MAN GAME se r\u00e9invente pour mieux incarner une vie pleine de d\u00e9fis. Plus viril et<\/p>\n","protected":false},"featured_media":23190,"comment_status":"open","ping_status":"closed","template":"","meta":[],"product_cat":[20],"product_tag":[],"class_list":{"0":"post-16896","1":"product","2":"type-product","3":"status-publish","4":"has-post-thumbnail","6":"product_cat-accessories","8":"first","9":"instock","10":"shipping-taxable","11":"product-type-simple"},"jetpack_sharing_enabled":true,"_links":{"self":[{"href":"https:\/\/para-pharmacity.tn\/index.php?rest_route=\/wp\/v2\/product\/16896","targetHints":{"allow":["GET"]}}],"collection":[{"href":"https:\/\/para-pharmacity.tn\/index.php?rest_route=\/wp\/v2\/product"}],"about":[{"href":"https:\/\/para-pharmacity.tn\/index.php?rest_route=\/wp\/v2\/types\/product"}],"replies":[{"embeddable":true,"href":"https:\/\/para-pharmacity.tn\/index.php?rest_route=%2Fwp%2Fv2%2Fcomments&post=16896"}],"version-history":[{"count":1,"href":"https:\/\/para-pharmacity.tn\/index.php?rest_route=\/wp\/v2\/product\/16896\/revisions"}],"predecessor-version":[{"id":23191,"href":"https:\/\/para-pharmacity.tn\/index.php?rest_route=\/wp\/v2\/product\/16896\/revisions\/23191"}],"wp:featuredmedia":[{"embeddable":true,"href":"https:\/\/para-pharmacity.tn\/index.php?rest_route=\/wp\/v2\/media\/23190"}],"wp:attachment":[{"href":"https:\/\/para-pharmacity.tn\/index.php?rest_route=%2Fwp%2Fv2%2Fmedia&parent=16896"}],"wp:term":[{"taxonomy":"product_cat","embeddable":true,"href":"https:\/\/para-pharmacity.tn\/index.php?rest_route=%2Fwp%2Fv2%2Fproduct_cat&post=16896"},{"taxonomy":"product_tag","embeddable":true,"href":"https:\/\/para-pharmacity.tn\/index.php?rest_route=%2Fwp%2Fv2%2Fproduct_tag&post=16896"}],"curies":[{"name":"wp","href":"https:\/\/api.w.org\/{rel}","templated":true}]}}