{"id":16885,"date":"2024-07-10T22:59:45","date_gmt":"2024-07-10T22:59:45","guid":{"rendered":"https:\/\/para-pharmacity.tn\/?product=edp-homme-incidence-gold-100-ml"},"modified":"2024-07-25T20:52:37","modified_gmt":"2024-07-25T20:52:37","slug":"edp-homme-incidence-gold-100-ml","status":"publish","type":"product","link":"https:\/\/para-pharmacity.tn\/?product=edp-homme-incidence-gold-100-ml","title":{"rendered":"EDP HOMME INCIDENCE GOLD 100 ML"},"content":{"rendered":"<p>Oriental &#8211; Oriental Bois\u00e9 .Un parfum g\u00e9n\u00e9reux au pouvoir de s\u00e9duction absolu, un m\u00e9lange irr\u00e9sistible de force et de sensualit\u00e9 .La fragrance s\u2019ouvre sur un riche accord de notes fruit\u00e9es \u00e9pic\u00e9es, mis en lumi\u00e8re par la fra\u00eecheur tonique et p\u00e9tillante du Cassis et des zests d\u2019Orange, vibrant sous l\u2019\u00e9clat de la Baie Rose. Le parfum d\u00e9voile un c\u0153ur floral \u00e9pic\u00e9 d\u2019une rare intensit\u00e9, compos\u00e9 d\u2019Absolue de Rose et de Cannelle, sublim\u00e9 par la chaleur chaude et envo\u00fbtante des notes Cuir\u00e9es et tabac\u00e9es, lov\u00e9es dans les effluves bois\u00e9s du Patchouli. Le sillage se pare de notes suaves et enveloppantes Ambr\u00e9es et Bois\u00e9es, enlac\u00e9es dans le souffle caressant des Muscs.<\/p>\n","protected":false},"excerpt":{"rendered":"<p>Oriental &#8211; Oriental Bois\u00e9 .Un parfum g\u00e9n\u00e9reux au pouvoir de s\u00e9duction absolu, un m\u00e9lange irr\u00e9sistible de force et de sensualit\u00e9<\/p>\n","protected":false},"featured_media":23160,"comment_status":"open","ping_status":"closed","template":"","meta":[],"product_cat":[20],"product_tag":[],"class_list":{"0":"post-16885","1":"product","2":"type-product","3":"status-publish","4":"has-post-thumbnail","6":"product_cat-accessories","8":"first","9":"instock","10":"shipping-taxable","11":"product-type-simple"},"jetpack_sharing_enabled":true,"_links":{"self":[{"href":"https:\/\/para-pharmacity.tn\/index.php?rest_route=\/wp\/v2\/product\/16885","targetHints":{"allow":["GET"]}}],"collection":[{"href":"https:\/\/para-pharmacity.tn\/index.php?rest_route=\/wp\/v2\/product"}],"about":[{"href":"https:\/\/para-pharmacity.tn\/index.php?rest_route=\/wp\/v2\/types\/product"}],"replies":[{"embeddable":true,"href":"https:\/\/para-pharmacity.tn\/index.php?rest_route=%2Fwp%2Fv2%2Fcomments&post=16885"}],"version-history":[{"count":2,"href":"https:\/\/para-pharmacity.tn\/index.php?rest_route=\/wp\/v2\/product\/16885\/revisions"}],"predecessor-version":[{"id":23161,"href":"https:\/\/para-pharmacity.tn\/index.php?rest_route=\/wp\/v2\/product\/16885\/revisions\/23161"}],"wp:featuredmedia":[{"embeddable":true,"href":"https:\/\/para-pharmacity.tn\/index.php?rest_route=\/wp\/v2\/media\/23160"}],"wp:attachment":[{"href":"https:\/\/para-pharmacity.tn\/index.php?rest_route=%2Fwp%2Fv2%2Fmedia&parent=16885"}],"wp:term":[{"taxonomy":"product_cat","embeddable":true,"href":"https:\/\/para-pharmacity.tn\/index.php?rest_route=%2Fwp%2Fv2%2Fproduct_cat&post=16885"},{"taxonomy":"product_tag","embeddable":true,"href":"https:\/\/para-pharmacity.tn\/index.php?rest_route=%2Fwp%2Fv2%2Fproduct_tag&post=16885"}],"curies":[{"name":"wp","href":"https:\/\/api.w.org\/{rel}","templated":true}]}}