{"id":16881,"date":"2024-07-10T22:59:44","date_gmt":"2024-07-10T22:59:44","guid":{"rendered":"https:\/\/para-pharmacity.tn\/?product=edp-homme-diplomate-extreme"},"modified":"2024-07-25T20:39:36","modified_gmt":"2024-07-25T20:39:36","slug":"edp-homme-diplomate-extreme","status":"publish","type":"product","link":"https:\/\/para-pharmacity.tn\/?product=edp-homme-diplomate-extreme","title":{"rendered":"EDP HOMME DIPLOMATE EXTREME"},"content":{"rendered":"<p><strong>Paris Bleu Diplomate Extreme pour Homme\u00a0<\/strong>un parfum Bois\u00e9 Oriental pour homme.<br \/>\nRaffin\u00e9, Diplomate Extreme est un parfum effervescent avec un style ouvertement masculin et assur\u00e9<br \/>\nLe parfum s\u2019ouvre sur une envol\u00e9e de notes d\u2019essences de Citron Vert, de Mandarine Jaune d\u2019Italie et de Bergamote, rehauss\u00e9e par une touche \u00e9pic\u00e9e de Baie Rose.<br \/>\nEn coeur, le Petitgrain Citronnier s\u2019associe aux notes fra\u00eeches de la Sauge et de la Lavande, d\u00e9licatement envelopp\u00e9es par des notes marines.<br \/>\nLe fond, sophistiqu\u00e9, est une alliance de Patchouli et de Bois \u2013 Bois Ambr\u00e9, Bois de Cachemire et Santal &#8211; ponctu\u00e9 par des notes de Mousse, et de Vanille.<\/p>\n","protected":false},"excerpt":{"rendered":"<p>Paris Bleu Diplomate Extreme pour Homme\u00a0un parfum Bois\u00e9 Oriental pour homme. Raffin\u00e9, Diplomate Extreme est un parfum effervescent avec un<\/p>\n","protected":false},"featured_media":23144,"comment_status":"open","ping_status":"closed","template":"","meta":[],"product_cat":[20],"product_tag":[],"class_list":{"0":"post-16881","1":"product","2":"type-product","3":"status-publish","4":"has-post-thumbnail","6":"product_cat-accessories","8":"first","9":"instock","10":"shipping-taxable","11":"product-type-simple"},"jetpack_sharing_enabled":true,"_links":{"self":[{"href":"https:\/\/para-pharmacity.tn\/index.php?rest_route=\/wp\/v2\/product\/16881","targetHints":{"allow":["GET"]}}],"collection":[{"href":"https:\/\/para-pharmacity.tn\/index.php?rest_route=\/wp\/v2\/product"}],"about":[{"href":"https:\/\/para-pharmacity.tn\/index.php?rest_route=\/wp\/v2\/types\/product"}],"replies":[{"embeddable":true,"href":"https:\/\/para-pharmacity.tn\/index.php?rest_route=%2Fwp%2Fv2%2Fcomments&post=16881"}],"version-history":[{"count":2,"href":"https:\/\/para-pharmacity.tn\/index.php?rest_route=\/wp\/v2\/product\/16881\/revisions"}],"predecessor-version":[{"id":23145,"href":"https:\/\/para-pharmacity.tn\/index.php?rest_route=\/wp\/v2\/product\/16881\/revisions\/23145"}],"wp:featuredmedia":[{"embeddable":true,"href":"https:\/\/para-pharmacity.tn\/index.php?rest_route=\/wp\/v2\/media\/23144"}],"wp:attachment":[{"href":"https:\/\/para-pharmacity.tn\/index.php?rest_route=%2Fwp%2Fv2%2Fmedia&parent=16881"}],"wp:term":[{"taxonomy":"product_cat","embeddable":true,"href":"https:\/\/para-pharmacity.tn\/index.php?rest_route=%2Fwp%2Fv2%2Fproduct_cat&post=16881"},{"taxonomy":"product_tag","embeddable":true,"href":"https:\/\/para-pharmacity.tn\/index.php?rest_route=%2Fwp%2Fv2%2Fproduct_tag&post=16881"}],"curies":[{"name":"wp","href":"https:\/\/api.w.org\/{rel}","templated":true}]}}