{"id":16878,"date":"2024-07-10T22:59:43","date_gmt":"2024-07-10T22:59:43","guid":{"rendered":"https:\/\/para-pharmacity.tn\/?product=edp-homme-chess-red"},"modified":"2024-07-25T20:31:32","modified_gmt":"2024-07-25T20:31:32","slug":"edp-homme-chess-red","status":"publish","type":"product","link":"https:\/\/para-pharmacity.tn\/?product=edp-homme-chess-red","title":{"rendered":"EDP HOMME CHESS RED"},"content":{"rendered":"<p><strong>Paris Bleu Chess Red\u00a0<\/strong>un parfum Foug\u00e8re Aromatique pour homme.<br \/>\nUn Parfum de s\u00e9duction empreint de magn\u00e9tisme et d\u2019\u00e9l\u00e9gance, entre classicisme et modernit\u00e9<br \/>\nCette fragrance noble et \u00e9l\u00e9gante s\u2019ouvre sur des notes fra\u00eeches et p\u00e9tillantes o\u00f9 Bergamote et Feuilles de Coriandre se m\u00ealent aux effluves fruit\u00e9s de la Pomme juteuse.<br \/>\nElle s\u2019\u00e9panouit en c\u0153ur sur un accord \u00e9l\u00e9gant et raffin\u00e9, et r\u00e9solument masculin, m\u00ealant la Fleur d\u2019Oranger, l\u2019Encens, et le Patchouli.<br \/>\nLe fond sensuel s\u2019affirme par la pr\u00e9sence d\u2019un accord ambr\u00e9 envelopp\u00e9 par la douceur des Muscs et de la Vanille.<\/p>\n","protected":false},"excerpt":{"rendered":"<p>Paris Bleu Chess Red est un parfum Foug\u00e8re Aromatique pour homme.Un parfum s\u00e9duisant empreint d&rsquo;\u00e9l\u00e9gance, un pont entre classicisme et modernit\u00e9 .Chess Red, \u00e0 la fois noble et \u00e9l\u00e9gant, s&rsquo;ouvre sur les notes fra\u00eeches et p\u00e9tillantes des feuilles de bergamote et de coriandre, se m\u00ealant aux senteurs fruit\u00e9es de la pomme juteuse.Le c\u0153ur tr\u00e8s masculin est un m\u00e9lange \u00e9l\u00e9gant et raffin\u00e9 de fleur d&rsquo;oranger, d&rsquo;encens et de patchouli. Le sillage sensuel met en sc\u00e8ne la pr\u00e9sence de l&rsquo;Ambre, envelopp\u00e9 des doux tons de musc et de vanille.<\/p>\n","protected":false},"featured_media":23131,"comment_status":"open","ping_status":"closed","template":"","meta":[],"product_cat":[20],"product_tag":[],"class_list":{"0":"post-16878","1":"product","2":"type-product","3":"status-publish","4":"has-post-thumbnail","6":"product_cat-accessories","8":"first","9":"instock","10":"shipping-taxable","11":"product-type-simple"},"jetpack_sharing_enabled":true,"_links":{"self":[{"href":"https:\/\/para-pharmacity.tn\/index.php?rest_route=\/wp\/v2\/product\/16878","targetHints":{"allow":["GET"]}}],"collection":[{"href":"https:\/\/para-pharmacity.tn\/index.php?rest_route=\/wp\/v2\/product"}],"about":[{"href":"https:\/\/para-pharmacity.tn\/index.php?rest_route=\/wp\/v2\/types\/product"}],"replies":[{"embeddable":true,"href":"https:\/\/para-pharmacity.tn\/index.php?rest_route=%2Fwp%2Fv2%2Fcomments&post=16878"}],"version-history":[{"count":2,"href":"https:\/\/para-pharmacity.tn\/index.php?rest_route=\/wp\/v2\/product\/16878\/revisions"}],"predecessor-version":[{"id":23133,"href":"https:\/\/para-pharmacity.tn\/index.php?rest_route=\/wp\/v2\/product\/16878\/revisions\/23133"}],"wp:featuredmedia":[{"embeddable":true,"href":"https:\/\/para-pharmacity.tn\/index.php?rest_route=\/wp\/v2\/media\/23131"}],"wp:attachment":[{"href":"https:\/\/para-pharmacity.tn\/index.php?rest_route=%2Fwp%2Fv2%2Fmedia&parent=16878"}],"wp:term":[{"taxonomy":"product_cat","embeddable":true,"href":"https:\/\/para-pharmacity.tn\/index.php?rest_route=%2Fwp%2Fv2%2Fproduct_cat&post=16878"},{"taxonomy":"product_tag","embeddable":true,"href":"https:\/\/para-pharmacity.tn\/index.php?rest_route=%2Fwp%2Fv2%2Fproduct_tag&post=16878"}],"curies":[{"name":"wp","href":"https:\/\/api.w.org\/{rel}","templated":true}]}}