{"id":16873,"date":"2024-07-10T22:59:42","date_gmt":"2024-07-10T22:59:42","guid":{"rendered":"https:\/\/para-pharmacity.tn\/?product=edp-homme-aviator-authentic"},"modified":"2024-07-25T20:12:55","modified_gmt":"2024-07-25T20:12:55","slug":"edp-homme-aviator-authentic","status":"publish","type":"product","link":"https:\/\/para-pharmacity.tn\/?product=edp-homme-aviator-authentic","title":{"rendered":"EDP HOMME AVIATOR AUTHENTIC"},"content":{"rendered":"<p>Un parfum persistant, \u00e9nergique et sophistiqu\u00e9. L\u2019essence de la virilit\u00e9.<br \/>\nDans la t\u00eate, l\u2019\u00e9blouissante et p\u00e9tillante bergamote se m\u00eale au doux parfum des feuilles violettes et de la lavande aromatique pour r\u00e9veiller nos sens.<br \/>\nUn c\u0153ur harmonieux de Sauge, G\u00e9ranium et Bois blanc d\u00e9voile avec myst\u00e8re une note de Foug\u00e8re, en arri\u00e8re-plan, avec la signature bois\u00e9e compos\u00e9e d\u2019Ambre subtile, de f\u00e8ves de Tonka et de Mousse.<br \/>\nComment utiliser<br \/>\nVaporisez le parfum \u00e0 quelques centim\u00e8tres de votre peau, en vous concentrant sur les points chauds (le cou, l\u2019int\u00e9rieur des poignets et des coudes, et derri\u00e8re le lobe de l\u2019oreille) pour exhaler un parfum unique.<br \/>\nPyramide olfactive<br \/>\nFougere aromatique<br \/>\nNote de t\u00eate\u00a0: Bergamote, feuilles de violettes, lavande<br \/>\nNote de coeur\u00a0: Sage, G\u00e9ranium, Bois blanc<br \/>\nNote de base\u00a0: ambre, f\u00e8ves de tonka, mousse<\/p>\n","protected":false},"excerpt":{"rendered":"<p>Aviator Authentic Eau de Toilette pour Homme &#8211; 100 ml .FAMILLE FOUG\u00c8RE : Foug\u00e8re Aromatique .Un parfum r\u00e9manent, \u00e9nergique et sophistiqu\u00e9. L\u2019essence m\u00eame de la virilit\u00e9.En t\u00eate, la Bergamote \u00e9clatante et p\u00e9tillante se m\u00eale au doux parfum des Feuilles de Violettes et de Lavande aromatique afin d\u2019\u00e9veiller nos sens.Un c\u0153ur harmonieux de Sauge, de G\u00e9ranium et de Bois Blancs d\u00e9voile avec myst\u00e8re une note Foug\u00e8re, en fond, \u00e0 la signature bois\u00e9e compos\u00e9e d\u2019Ambre subtile, de F\u00e8ves Tonka et de Mousse.<\/p>\n","protected":false},"featured_media":23111,"comment_status":"open","ping_status":"closed","template":"","meta":[],"product_cat":[20],"product_tag":[],"class_list":{"0":"post-16873","1":"product","2":"type-product","3":"status-publish","4":"has-post-thumbnail","6":"product_cat-accessories","8":"first","9":"instock","10":"shipping-taxable","11":"product-type-simple"},"jetpack_sharing_enabled":true,"_links":{"self":[{"href":"https:\/\/para-pharmacity.tn\/index.php?rest_route=\/wp\/v2\/product\/16873","targetHints":{"allow":["GET"]}}],"collection":[{"href":"https:\/\/para-pharmacity.tn\/index.php?rest_route=\/wp\/v2\/product"}],"about":[{"href":"https:\/\/para-pharmacity.tn\/index.php?rest_route=\/wp\/v2\/types\/product"}],"replies":[{"embeddable":true,"href":"https:\/\/para-pharmacity.tn\/index.php?rest_route=%2Fwp%2Fv2%2Fcomments&post=16873"}],"version-history":[{"count":2,"href":"https:\/\/para-pharmacity.tn\/index.php?rest_route=\/wp\/v2\/product\/16873\/revisions"}],"predecessor-version":[{"id":23112,"href":"https:\/\/para-pharmacity.tn\/index.php?rest_route=\/wp\/v2\/product\/16873\/revisions\/23112"}],"wp:featuredmedia":[{"embeddable":true,"href":"https:\/\/para-pharmacity.tn\/index.php?rest_route=\/wp\/v2\/media\/23111"}],"wp:attachment":[{"href":"https:\/\/para-pharmacity.tn\/index.php?rest_route=%2Fwp%2Fv2%2Fmedia&parent=16873"}],"wp:term":[{"taxonomy":"product_cat","embeddable":true,"href":"https:\/\/para-pharmacity.tn\/index.php?rest_route=%2Fwp%2Fv2%2Fproduct_cat&post=16873"},{"taxonomy":"product_tag","embeddable":true,"href":"https:\/\/para-pharmacity.tn\/index.php?rest_route=%2Fwp%2Fv2%2Fproduct_tag&post=16873"}],"curies":[{"name":"wp","href":"https:\/\/api.w.org\/{rel}","templated":true}]}}