{"id":16861,"date":"2024-07-10T22:59:38","date_gmt":"2024-07-10T22:59:38","guid":{"rendered":"https:\/\/para-pharmacity.tn\/?product=edp-femme-sanderling-shine-100-ml"},"modified":"2024-07-25T19:22:04","modified_gmt":"2024-07-25T19:22:04","slug":"edp-femme-sanderling-shine-100-ml","status":"publish","type":"product","link":"https:\/\/para-pharmacity.tn\/?product=edp-femme-sanderling-shine-100-ml","title":{"rendered":"EDP FEMME SANDERLING SHINE 100 ML"},"content":{"rendered":"<p>Florale &#8211; Floral Fruit\u00e9 , Eau de Parfum pour femme\u00a0 100 ml .Une d\u00e9licieuse partition florale au charme irr\u00e9sistible .Cette fragrance fascinante et lumineuse s\u2019envole sur les notes p\u00e9tillantes et joyeuses de la Bergamote, de la Feuille de Violette et du Cassis. Elle \u00e9volue vers un c\u0153ur d\u00e9licieusement fruit\u00e9, \u00e0 la fois croquant par la pomme et velout\u00e9 par la P\u00eache et la Poire, sublim\u00e9 par un riche accord floral de Rose et de Jasmin. Le sillage chaud et enivrant compos\u00e9 de Muscs et de notes Bois\u00e9es r\u00e9v\u00e8le la signature sensuelle de ce parfum.<\/p>\n","protected":false},"excerpt":{"rendered":"<p>&#8211; Une d\u00e9licieuse partition florale au charme irr\u00e9sistible.<\/p>\n<p>&#8211; Cette fragrance fascinante et lumineuse s\u2019envole sur les notes p\u00e9tillantes et joyeuses de la bergamote, de la feuille de violette et du cassis.<\/p>\n<p>&#8211; Elle \u00e9volue vers un c\u0153ur d\u00e9licieusement fruit\u00e9, \u00e0 la fois croquant par la pomme et velout\u00e9 par la p\u00eache et la poire, sublim\u00e9 par un riche accord floral de Rose et de Jasmin. Le sillage chaud et enivrant compos\u00e9 de muscs et de notes bois\u00e9es r\u00e9v\u00e8le la signature sensuelle de ce parfum.<\/p>\n<p>&#8211; Volume : 100ml<\/p>\n","protected":false},"featured_media":23063,"comment_status":"open","ping_status":"closed","template":"","meta":[],"product_cat":[20],"product_tag":[],"class_list":{"0":"post-16861","1":"product","2":"type-product","3":"status-publish","4":"has-post-thumbnail","6":"product_cat-accessories","8":"first","9":"instock","10":"shipping-taxable","11":"product-type-simple"},"jetpack_sharing_enabled":true,"_links":{"self":[{"href":"https:\/\/para-pharmacity.tn\/index.php?rest_route=\/wp\/v2\/product\/16861","targetHints":{"allow":["GET"]}}],"collection":[{"href":"https:\/\/para-pharmacity.tn\/index.php?rest_route=\/wp\/v2\/product"}],"about":[{"href":"https:\/\/para-pharmacity.tn\/index.php?rest_route=\/wp\/v2\/types\/product"}],"replies":[{"embeddable":true,"href":"https:\/\/para-pharmacity.tn\/index.php?rest_route=%2Fwp%2Fv2%2Fcomments&post=16861"}],"version-history":[{"count":2,"href":"https:\/\/para-pharmacity.tn\/index.php?rest_route=\/wp\/v2\/product\/16861\/revisions"}],"predecessor-version":[{"id":23064,"href":"https:\/\/para-pharmacity.tn\/index.php?rest_route=\/wp\/v2\/product\/16861\/revisions\/23064"}],"wp:featuredmedia":[{"embeddable":true,"href":"https:\/\/para-pharmacity.tn\/index.php?rest_route=\/wp\/v2\/media\/23063"}],"wp:attachment":[{"href":"https:\/\/para-pharmacity.tn\/index.php?rest_route=%2Fwp%2Fv2%2Fmedia&parent=16861"}],"wp:term":[{"taxonomy":"product_cat","embeddable":true,"href":"https:\/\/para-pharmacity.tn\/index.php?rest_route=%2Fwp%2Fv2%2Fproduct_cat&post=16861"},{"taxonomy":"product_tag","embeddable":true,"href":"https:\/\/para-pharmacity.tn\/index.php?rest_route=%2Fwp%2Fv2%2Fproduct_tag&post=16861"}],"curies":[{"name":"wp","href":"https:\/\/api.w.org\/{rel}","templated":true}]}}