{"id":16857,"date":"2024-07-10T22:59:35","date_gmt":"2024-07-10T22:59:35","guid":{"rendered":"https:\/\/para-pharmacity.tn\/?product=edp-femme-pulsation"},"modified":"2024-07-26T10:14:34","modified_gmt":"2024-07-26T10:14:34","slug":"edp-femme-pulsation","status":"publish","type":"product","link":"https:\/\/para-pharmacity.tn\/?product=edp-femme-pulsation","title":{"rendered":"EDP FEMME PULSATION"},"content":{"rendered":"<p>Paris Bleu Pulsation Rouge Perle 100ml EDP (L) SP<\/p>\n<p>Les notes de t\u00eate sont le citron et le poivre rose. Les notes de coeur sont l\u2019iris, le jacinthe et le jasmin. Les notes de finition sont le patchouli, l\u2019ambre et le v\u00e9tiver.<\/p>\n<p>INGR\u00c9DIENTS\u00a0: DENAT., AQUA\/WATER\/EAU, PARFUM\/FRAGRANCE, M\u00c9THYLCYCLODEXTRINE, ETHYLHEXYL SALICYLATE, LIMONENE, BUTYL METHOXYDIBENZOYLMETHANE, LINALOOL, CITRAL, ALCOOL, TRIS(T\u00c9TRAM\u00c9THYLHYDROXYPIP\u00c9RIDINOL) CITRATE, FARNESOL, TETRASODIUM GLUTAMATE DIACETATE, EXT. D&amp;C VIOLET NO. 2 (CI 60730), FD&amp;C BLUE NO. 1 (CI 42090), FD&amp;C RED NO. 4 (CI 14700).<\/p>\n","protected":false},"excerpt":{"rendered":"<p>Paris Bleu Pulsation Rouge Perle 100ml EDP (L) SP Les notes de t\u00eate sont le citron et le poivre rose.<\/p>\n","protected":false},"featured_media":23188,"comment_status":"open","ping_status":"closed","template":"","meta":[],"product_cat":[20],"product_tag":[],"class_list":{"0":"post-16857","1":"product","2":"type-product","3":"status-publish","4":"has-post-thumbnail","6":"product_cat-accessories","8":"first","9":"instock","10":"shipping-taxable","11":"product-type-simple"},"jetpack_sharing_enabled":true,"_links":{"self":[{"href":"https:\/\/para-pharmacity.tn\/index.php?rest_route=\/wp\/v2\/product\/16857","targetHints":{"allow":["GET"]}}],"collection":[{"href":"https:\/\/para-pharmacity.tn\/index.php?rest_route=\/wp\/v2\/product"}],"about":[{"href":"https:\/\/para-pharmacity.tn\/index.php?rest_route=\/wp\/v2\/types\/product"}],"replies":[{"embeddable":true,"href":"https:\/\/para-pharmacity.tn\/index.php?rest_route=%2Fwp%2Fv2%2Fcomments&post=16857"}],"version-history":[{"count":3,"href":"https:\/\/para-pharmacity.tn\/index.php?rest_route=\/wp\/v2\/product\/16857\/revisions"}],"predecessor-version":[{"id":23189,"href":"https:\/\/para-pharmacity.tn\/index.php?rest_route=\/wp\/v2\/product\/16857\/revisions\/23189"}],"wp:featuredmedia":[{"embeddable":true,"href":"https:\/\/para-pharmacity.tn\/index.php?rest_route=\/wp\/v2\/media\/23188"}],"wp:attachment":[{"href":"https:\/\/para-pharmacity.tn\/index.php?rest_route=%2Fwp%2Fv2%2Fmedia&parent=16857"}],"wp:term":[{"taxonomy":"product_cat","embeddable":true,"href":"https:\/\/para-pharmacity.tn\/index.php?rest_route=%2Fwp%2Fv2%2Fproduct_cat&post=16857"},{"taxonomy":"product_tag","embeddable":true,"href":"https:\/\/para-pharmacity.tn\/index.php?rest_route=%2Fwp%2Fv2%2Fproduct_tag&post=16857"}],"curies":[{"name":"wp","href":"https:\/\/api.w.org\/{rel}","templated":true}]}}