{"id":16848,"date":"2024-07-10T22:59:33","date_gmt":"2024-07-10T22:59:33","guid":{"rendered":"https:\/\/para-pharmacity.tn\/?product=edp-femme-jolie-reve-60ml"},"modified":"2024-07-25T15:31:19","modified_gmt":"2024-07-25T15:31:19","slug":"edp-femme-jolie-reve-60ml","status":"publish","type":"product","link":"https:\/\/para-pharmacity.tn\/?product=edp-femme-jolie-reve-60ml","title":{"rendered":"EDP FEMME JOLIE REVE 60ML"},"content":{"rendered":"<p>&#8211; Joli R\u00eave est un parfum floral fruit\u00e9 pour femme.<\/p>\n<p>&#8211;\u00a0Un parfum baroque au charme absolu pour une Princesse des temps modernes au c\u0153ur tendre.<\/p>\n<p>&#8211; Les notes de t\u00eate sont Bergamote, mandarine, gard\u00e9nia et citron.<\/p>\n<p>&#8211;\u00a0Les notes de c\u0153ur sont jasmin, Pivoine, ch\u00e8vrefeuille, poire et melon.<\/p>\n<p>&#8211;\u00a0Les notes de fond sont violette, musc, ambre et notes bois\u00e9es.<\/p>\n<p>&#8211;\u00a0Ce parfum enchanteur s\u2019ouvre sur une envol\u00e9e de notes florales fruit\u00e9es jouant sur la fra\u00eecheur hesp\u00e9rid\u00e9 de la bergamote, du citron et de la mandarine, lov\u00e9e dans la chaleur suave des fleurs de Gard\u00e9nia.<\/p>\n<p>&#8211; Volume : 60ml<\/p>\n","protected":false},"excerpt":{"rendered":"<p>&#8211; Joli R\u00eave est un parfum floral fruit\u00e9 pour femme. &#8211;\u00a0Un parfum baroque au charme absolu pour une Princesse des<\/p>\n","protected":false},"featured_media":23002,"comment_status":"open","ping_status":"closed","template":"","meta":[],"product_cat":[20],"product_tag":[],"class_list":{"0":"post-16848","1":"product","2":"type-product","3":"status-publish","4":"has-post-thumbnail","6":"product_cat-accessories","8":"first","9":"instock","10":"shipping-taxable","11":"product-type-simple"},"jetpack_sharing_enabled":true,"_links":{"self":[{"href":"https:\/\/para-pharmacity.tn\/index.php?rest_route=\/wp\/v2\/product\/16848","targetHints":{"allow":["GET"]}}],"collection":[{"href":"https:\/\/para-pharmacity.tn\/index.php?rest_route=\/wp\/v2\/product"}],"about":[{"href":"https:\/\/para-pharmacity.tn\/index.php?rest_route=\/wp\/v2\/types\/product"}],"replies":[{"embeddable":true,"href":"https:\/\/para-pharmacity.tn\/index.php?rest_route=%2Fwp%2Fv2%2Fcomments&post=16848"}],"version-history":[{"count":2,"href":"https:\/\/para-pharmacity.tn\/index.php?rest_route=\/wp\/v2\/product\/16848\/revisions"}],"predecessor-version":[{"id":23007,"href":"https:\/\/para-pharmacity.tn\/index.php?rest_route=\/wp\/v2\/product\/16848\/revisions\/23007"}],"wp:featuredmedia":[{"embeddable":true,"href":"https:\/\/para-pharmacity.tn\/index.php?rest_route=\/wp\/v2\/media\/23002"}],"wp:attachment":[{"href":"https:\/\/para-pharmacity.tn\/index.php?rest_route=%2Fwp%2Fv2%2Fmedia&parent=16848"}],"wp:term":[{"taxonomy":"product_cat","embeddable":true,"href":"https:\/\/para-pharmacity.tn\/index.php?rest_route=%2Fwp%2Fv2%2Fproduct_cat&post=16848"},{"taxonomy":"product_tag","embeddable":true,"href":"https:\/\/para-pharmacity.tn\/index.php?rest_route=%2Fwp%2Fv2%2Fproduct_tag&post=16848"}],"curies":[{"name":"wp","href":"https:\/\/api.w.org\/{rel}","templated":true}]}}