{"id":16838,"date":"2024-07-10T22:59:30","date_gmt":"2024-07-10T22:59:30","guid":{"rendered":"https:\/\/para-pharmacity.tn\/?product=edp-femme-diplomate-100ml"},"modified":"2024-07-25T14:59:32","modified_gmt":"2024-07-25T14:59:32","slug":"edp-femme-diplomate-100ml","status":"publish","type":"product","link":"https:\/\/para-pharmacity.tn\/?product=edp-femme-diplomate-100ml","title":{"rendered":"EDP FEMME DIPLOMATE 100ML"},"content":{"rendered":"<p><strong>FAMILLE FLORALE<\/strong>\u00a0&#8211;\u00a0<strong>Floriental Diplomate femme<\/strong>\u00a0&#8211;\u00a0<strong>eau de parfum pour femme<\/strong>\u00a0100 ml-paris bleu, un nouveau parfum f\u00e9minin moderne et \u00e9l\u00e9gant, marie harmonieusement des notes fruit\u00e9es de p\u00eache, de freesia et de n\u00e9roli en t\u00eate, suivies d&rsquo;un cur floral captivant avec des accents de fleurs d&rsquo;oranger, d&rsquo;h\u00e9liotrope et une touche addictive de marshmallow. Son fond oriental et suave, intensifi\u00e9 par la vanille, le santal et les muscs pr\u00e9cieux, cr\u00e9e une signature unique, faisant de ce parfum une ode captivante \u00e0 la f\u00e9minit\u00e9.<\/p>\n","protected":false},"excerpt":{"rendered":"<p><strong>Diplomate femme<\/strong>\u00a0&#8211;\u00a0<strong>eau de parfum pour femme<\/strong>\u00a0100 ml-paris bleu. Diplomate Pour Femme: Moderne, fruit\u00e9 et floral, une ode captivante \u00e0 la f\u00e9minit\u00e9, sublim\u00e9e d&rsquo;orientaux vanill\u00e9s suaves.<\/p>\n","protected":false},"featured_media":22973,"comment_status":"open","ping_status":"closed","template":"","meta":[],"product_cat":[20],"product_tag":[],"class_list":{"0":"post-16838","1":"product","2":"type-product","3":"status-publish","4":"has-post-thumbnail","6":"product_cat-accessories","8":"first","9":"instock","10":"shipping-taxable","11":"product-type-simple"},"jetpack_sharing_enabled":true,"_links":{"self":[{"href":"https:\/\/para-pharmacity.tn\/index.php?rest_route=\/wp\/v2\/product\/16838","targetHints":{"allow":["GET"]}}],"collection":[{"href":"https:\/\/para-pharmacity.tn\/index.php?rest_route=\/wp\/v2\/product"}],"about":[{"href":"https:\/\/para-pharmacity.tn\/index.php?rest_route=\/wp\/v2\/types\/product"}],"replies":[{"embeddable":true,"href":"https:\/\/para-pharmacity.tn\/index.php?rest_route=%2Fwp%2Fv2%2Fcomments&post=16838"}],"version-history":[{"count":1,"href":"https:\/\/para-pharmacity.tn\/index.php?rest_route=\/wp\/v2\/product\/16838\/revisions"}],"predecessor-version":[{"id":22974,"href":"https:\/\/para-pharmacity.tn\/index.php?rest_route=\/wp\/v2\/product\/16838\/revisions\/22974"}],"wp:featuredmedia":[{"embeddable":true,"href":"https:\/\/para-pharmacity.tn\/index.php?rest_route=\/wp\/v2\/media\/22973"}],"wp:attachment":[{"href":"https:\/\/para-pharmacity.tn\/index.php?rest_route=%2Fwp%2Fv2%2Fmedia&parent=16838"}],"wp:term":[{"taxonomy":"product_cat","embeddable":true,"href":"https:\/\/para-pharmacity.tn\/index.php?rest_route=%2Fwp%2Fv2%2Fproduct_cat&post=16838"},{"taxonomy":"product_tag","embeddable":true,"href":"https:\/\/para-pharmacity.tn\/index.php?rest_route=%2Fwp%2Fv2%2Fproduct_tag&post=16838"}],"curies":[{"name":"wp","href":"https:\/\/api.w.org\/{rel}","templated":true}]}}