{"id":16828,"date":"2024-07-10T22:59:26","date_gmt":"2024-07-10T22:59:26","guid":{"rendered":"https:\/\/para-pharmacity.tn\/?product=doremi-eau-de-senteur-250-ml"},"modified":"2024-07-25T12:55:18","modified_gmt":"2024-07-25T12:55:18","slug":"doremi-eau-de-senteur-250-ml","status":"publish","type":"product","link":"https:\/\/para-pharmacity.tn\/?product=doremi-eau-de-senteur-250-ml","title":{"rendered":"DOREMI EAU DE SENTEUR 250 ML"},"content":{"rendered":"","protected":false},"excerpt":{"rendered":"<p>sans alcool et hypoallerg\u00e9nique a \u00e9t\u00e9 con\u00e7ue pour respecter la peau de votre b\u00e9b\u00e9. ses notes fra\u00eeches et naturelles apportent plaisir et bien \u00eatre pour votre b\u00e9b\u00e9.<\/p>\n","protected":false},"featured_media":22957,"comment_status":"open","ping_status":"closed","template":"","meta":[],"product_cat":[20],"product_tag":[],"class_list":{"0":"post-16828","1":"product","2":"type-product","3":"status-publish","4":"has-post-thumbnail","6":"product_cat-accessories","8":"first","9":"instock","10":"shipping-taxable","11":"product-type-simple"},"jetpack_sharing_enabled":true,"_links":{"self":[{"href":"https:\/\/para-pharmacity.tn\/index.php?rest_route=\/wp\/v2\/product\/16828","targetHints":{"allow":["GET"]}}],"collection":[{"href":"https:\/\/para-pharmacity.tn\/index.php?rest_route=\/wp\/v2\/product"}],"about":[{"href":"https:\/\/para-pharmacity.tn\/index.php?rest_route=\/wp\/v2\/types\/product"}],"replies":[{"embeddable":true,"href":"https:\/\/para-pharmacity.tn\/index.php?rest_route=%2Fwp%2Fv2%2Fcomments&post=16828"}],"version-history":[{"count":1,"href":"https:\/\/para-pharmacity.tn\/index.php?rest_route=\/wp\/v2\/product\/16828\/revisions"}],"predecessor-version":[{"id":22958,"href":"https:\/\/para-pharmacity.tn\/index.php?rest_route=\/wp\/v2\/product\/16828\/revisions\/22958"}],"wp:featuredmedia":[{"embeddable":true,"href":"https:\/\/para-pharmacity.tn\/index.php?rest_route=\/wp\/v2\/media\/22957"}],"wp:attachment":[{"href":"https:\/\/para-pharmacity.tn\/index.php?rest_route=%2Fwp%2Fv2%2Fmedia&parent=16828"}],"wp:term":[{"taxonomy":"product_cat","embeddable":true,"href":"https:\/\/para-pharmacity.tn\/index.php?rest_route=%2Fwp%2Fv2%2Fproduct_cat&post=16828"},{"taxonomy":"product_tag","embeddable":true,"href":"https:\/\/para-pharmacity.tn\/index.php?rest_route=%2Fwp%2Fv2%2Fproduct_tag&post=16828"}],"curies":[{"name":"wp","href":"https:\/\/api.w.org\/{rel}","templated":true}]}}