{"id":16810,"date":"2024-07-10T22:59:21","date_gmt":"2024-07-10T22:59:21","guid":{"rendered":"https:\/\/para-pharmacity.tn\/?product=dermoxen-gel-lubrifiant-vitexyl"},"modified":"2024-07-25T12:03:12","modified_gmt":"2024-07-25T12:03:12","slug":"dermoxen-gel-lubrifiant-vitexyl","status":"publish","type":"product","link":"https:\/\/para-pharmacity.tn\/?product=dermoxen-gel-lubrifiant-vitexyl","title":{"rendered":"DERMOXEN GEL LUBRIFIANT VITEXYL"},"content":{"rendered":"<p>DERMOXEN VITEXYL\u00a0est un gel lubrifiant avec des propri\u00e9t\u00e9s hydratantes, \u00e9mollientes et protectrices de la muqueuse vaginale. Gr\u00e2ce \u00e0 l\u2019action combin\u00e9e de ses actifs,\u00a0il cr\u00e9e un film protecteur \u00e0 l\u2019effet rafra\u00eechissant, \u00e9mollient et l\u00e9nitif. Equip\u00e9 d\u2019applicateurs monodose, faciles \u00e0 utiliser, il peut \u00eatre utilis\u00e9 en toute securit\u00e9.\u00a0Il aide \u00e0 combattre les probl\u00e8mes li\u00e9s \u00e0 la s\u00e9cheresse vaginale, quelle que soit son origine, en particulier en m\u00e9nopause et dans la p\u00e9riode qui la pr\u00e9c\u00e8de. Ne tache pas.<\/p>\n<p>DERMOXEN VITEXYL gel lubrifiant vaginal est un dispositif m\u00e9dical. Lire la notice avant l\u2019utilisation du produit.<\/p>\n<p><strong>Ingr\u00e9dients :<\/strong><\/p>\n<ul>\n<li><strong><em>Vitex Agnus castus\u00a0<\/em><em>:<\/em><\/strong>\u00a0est la plante parfaite pour le syndrome pr\u00e9menstruel. Elle r\u00e9tablit le niveau normal de prolactine et contribue \u00e0 maintenir le bon \u00e9quilibre vaginal entre les oestrog\u00e8nes et la progest\u00e9rone.\u00a0Elle est un soin adjuvant dans les probl\u00e8mes qui caracterisent la m\u00e9nopause.<\/li>\n<li><strong>Panth\u00e8nol (Vit. B5)<\/strong>\u00a0: il donne une action d\u2019hydratation profonde.<\/li>\n<li><strong>Sorbitol\u00a0<\/strong>: il sert de fibre pr\u00e9biotique, en alimentant la flore vaginale normale.<\/li>\n<li><strong>Acide hyaluronique<\/strong>\u00a0: il forme une barri\u00e8re sur les muqueuses intimes, en \u00e9vitant les douleurs pendant les rapports sexuels et en intervenant dans les processus de r\u00e9g\u00e9n\u00e9ration des tissus et de prolif\u00e9ration cellulaire.<\/li>\n<\/ul>\n","protected":false},"excerpt":{"rendered":"<p>DERMOXEN VITEXYL\u00a0est un gel lubrifiant avec des propri\u00e9t\u00e9s hydratantes, \u00e9mollientes et protectrices de la muqueuse vaginale.<\/p>\n","protected":false},"featured_media":22920,"comment_status":"open","ping_status":"closed","template":"","meta":[],"product_cat":[20],"product_tag":[],"class_list":{"0":"post-16810","1":"product","2":"type-product","3":"status-publish","4":"has-post-thumbnail","6":"product_cat-accessories","8":"first","9":"instock","10":"shipping-taxable","11":"product-type-simple"},"jetpack_sharing_enabled":true,"_links":{"self":[{"href":"https:\/\/para-pharmacity.tn\/index.php?rest_route=\/wp\/v2\/product\/16810","targetHints":{"allow":["GET"]}}],"collection":[{"href":"https:\/\/para-pharmacity.tn\/index.php?rest_route=\/wp\/v2\/product"}],"about":[{"href":"https:\/\/para-pharmacity.tn\/index.php?rest_route=\/wp\/v2\/types\/product"}],"replies":[{"embeddable":true,"href":"https:\/\/para-pharmacity.tn\/index.php?rest_route=%2Fwp%2Fv2%2Fcomments&post=16810"}],"version-history":[{"count":2,"href":"https:\/\/para-pharmacity.tn\/index.php?rest_route=\/wp\/v2\/product\/16810\/revisions"}],"predecessor-version":[{"id":22921,"href":"https:\/\/para-pharmacity.tn\/index.php?rest_route=\/wp\/v2\/product\/16810\/revisions\/22921"}],"wp:featuredmedia":[{"embeddable":true,"href":"https:\/\/para-pharmacity.tn\/index.php?rest_route=\/wp\/v2\/media\/22920"}],"wp:attachment":[{"href":"https:\/\/para-pharmacity.tn\/index.php?rest_route=%2Fwp%2Fv2%2Fmedia&parent=16810"}],"wp:term":[{"taxonomy":"product_cat","embeddable":true,"href":"https:\/\/para-pharmacity.tn\/index.php?rest_route=%2Fwp%2Fv2%2Fproduct_cat&post=16810"},{"taxonomy":"product_tag","embeddable":true,"href":"https:\/\/para-pharmacity.tn\/index.php?rest_route=%2Fwp%2Fv2%2Fproduct_tag&post=16810"}],"curies":[{"name":"wp","href":"https:\/\/api.w.org\/{rel}","templated":true}]}}