{"id":16795,"date":"2024-07-10T22:59:14","date_gmt":"2024-07-10T22:59:14","guid":{"rendered":"https:\/\/para-pharmacity.tn\/?product=dermedic-sunbrella-spray-adul-150ml"},"modified":"2024-07-22T15:27:20","modified_gmt":"2024-07-22T15:27:20","slug":"dermedic-sunbrella-spray-adul-150ml","status":"publish","type":"product","link":"https:\/\/para-pharmacity.tn\/?product=dermedic-sunbrella-spray-adul-150ml","title":{"rendered":"DERMEDIC SUNBRELLA SPRAY ADUL 150ML"},"content":{"rendered":"<p><strong>DESCRIPTION:<\/strong><\/p>\n<p>Dermedic Sunbrella\u00a0 offre une protection tr\u00e8s \u00e9lev\u00e9e SPF50+, efficace et durable contre les rayons UVA, UVB, VL et IR pour tous types de peaux sensibles, il permet d&rsquo; emp\u00eacher les dermatoses solaires, les br\u00fblures et la d\u00e9coloration. Prot\u00e8ge l&rsquo;ADN des cellules.<\/p>\n<p>Le spray contient du D-panth\u00e9nol , qui soutient les processus de r\u00e9g\u00e9n\u00e9ration \u00e9pidermique et apaise les irritations caus\u00e9es par une exposition excessive au soleil. Les vitamines C et E ont un effet antioxydant, retardant ainsi le processus de vieillissement cutan\u00e9.<\/p>\n<p>indications<\/p>\n<p>Tous types de peaux sensibles, protection contre les rayons UV, IR et VL en cas d&rsquo;exposition au soleil<\/p>\n<p><strong>CONSEILS D&rsquo;UTILISATION:<\/strong><\/p>\n<p>Agitez vigoureusement, puis appliquez uniform\u00e9ment \u00e0 une distance d&rsquo;au moins 10 centim\u00e8tres sur une peau propre et s\u00e8che, au moins 15 minutes avant l&rsquo;exposition au soleil. Utiliser \u00e0 plusieurs reprises pendant la journ\u00e9e et \u00e9galement apr\u00e8s chaque contact avec l&rsquo;eau. \u00c9vitez tout contact avec les yeux.<\/p>\n<p><strong>COMPOSITIONS:<\/strong><\/p>\n<p>Aqua, octocryl\u00e8ne, benzoate d&rsquo;alkyle C12-15, glyc\u00e9rine, dioxyde de titane (nano), alumine, acide st\u00e9arique, cyclohexasiloxane, cyclopentahiloxane, trim\u00e9thylpentanediol \/ acide adipique \/ glyc\u00e9rine Crosspolymer, Bis-Ethylhexyloxypherenz Methylhoxy Benzotriazolyl t\u00e9tram\u00e9thyl butylbutylph\u00e9nol (nano), d\u00e9cyl glycoside, propyl\u00e8ne glycol, gomme de xanthane, paanth\u00e9nol, extrait de Physalis angulata, caprylique \/ caprique triglic\u00e9ride, tocoph\u00e9rol, m\u00e9thyl cyclodextrine, 7-d\u00e9hydrocholest\u00e9rol, DMDH hydanto\u00efne, butyl Butylph\u00e9nyl m\u00e9thylpropional Linalool, Citronellol, Hexyl Cinnaamal, Limonene.<\/p>\n<p>Hypoallerg\u00e9nique, sans colorant<\/p>\n","protected":false},"excerpt":{"rendered":"<p>Dermedic Sunbrella\u00a0 offre une protection tr\u00e8s \u00e9lev\u00e9e SPF50+, efficace et durable contre les rayons UVA, UVB, VL et IR pour tous types de peaux sensibles<\/p>\n","protected":false},"featured_media":22879,"comment_status":"open","ping_status":"closed","template":"","meta":[],"product_cat":[20],"product_tag":[],"class_list":{"0":"post-16795","1":"product","2":"type-product","3":"status-publish","4":"has-post-thumbnail","6":"product_cat-accessories","8":"first","9":"instock","10":"shipping-taxable","11":"product-type-simple"},"jetpack_sharing_enabled":true,"_links":{"self":[{"href":"https:\/\/para-pharmacity.tn\/index.php?rest_route=\/wp\/v2\/product\/16795","targetHints":{"allow":["GET"]}}],"collection":[{"href":"https:\/\/para-pharmacity.tn\/index.php?rest_route=\/wp\/v2\/product"}],"about":[{"href":"https:\/\/para-pharmacity.tn\/index.php?rest_route=\/wp\/v2\/types\/product"}],"replies":[{"embeddable":true,"href":"https:\/\/para-pharmacity.tn\/index.php?rest_route=%2Fwp%2Fv2%2Fcomments&post=16795"}],"version-history":[{"count":1,"href":"https:\/\/para-pharmacity.tn\/index.php?rest_route=\/wp\/v2\/product\/16795\/revisions"}],"predecessor-version":[{"id":22880,"href":"https:\/\/para-pharmacity.tn\/index.php?rest_route=\/wp\/v2\/product\/16795\/revisions\/22880"}],"wp:featuredmedia":[{"embeddable":true,"href":"https:\/\/para-pharmacity.tn\/index.php?rest_route=\/wp\/v2\/media\/22879"}],"wp:attachment":[{"href":"https:\/\/para-pharmacity.tn\/index.php?rest_route=%2Fwp%2Fv2%2Fmedia&parent=16795"}],"wp:term":[{"taxonomy":"product_cat","embeddable":true,"href":"https:\/\/para-pharmacity.tn\/index.php?rest_route=%2Fwp%2Fv2%2Fproduct_cat&post=16795"},{"taxonomy":"product_tag","embeddable":true,"href":"https:\/\/para-pharmacity.tn\/index.php?rest_route=%2Fwp%2Fv2%2Fproduct_tag&post=16795"}],"curies":[{"name":"wp","href":"https:\/\/api.w.org\/{rel}","templated":true}]}}