{"id":16792,"date":"2024-07-10T22:59:13","date_gmt":"2024-07-10T22:59:13","guid":{"rendered":"https:\/\/para-pharmacity.tn\/?product=dermedic-sunbrella-lotion-a-s-200g"},"modified":"2024-07-22T15:21:11","modified_gmt":"2024-07-22T15:21:11","slug":"dermedic-sunbrella-lotion-a-s-200g","status":"publish","type":"product","link":"https:\/\/para-pharmacity.tn\/?product=dermedic-sunbrella-lotion-a-s-200g","title":{"rendered":"DERMEDIC SUNBRELLA LOTION A S 200G"},"content":{"rendered":"<p>SUNBRELLA DERMEDIC Lotion rafra\u00eechissante apr\u00e8s-soleil 200g<\/p>\n<p>Hydrater et lisser la surface de la peau, en refroidissant le baume du soleil Dermedic Sunbrella, est le choix parfait pour quelqu\u2019un qui a souffert d\u2019un coup de soleil douloureux.<\/p>\n<p>Le cosm\u00e9tique est destin\u00e9 \u00e0 une application topique sur la peau dans les zones fortement rouges, irrit\u00e9es par la lumi\u00e8re du soleil.<\/p>\n<p>Dermedic Sunbrella lotion de refroidissement apr\u00e8s un bain de soleil est recommand\u00e9 pour les personnes ayant la peau sensible, tr\u00e8s s\u00e8che, expos\u00e9e \u00e0 la lumi\u00e8re du soleil de longue dur\u00e9e.<\/p>\n","protected":false},"excerpt":{"rendered":"<p>Dermedic Sunbrella, est le choix parfait pour quelqu\u2019un qui a souffert d\u2019un coup de soleil douloureux.<\/p>\n","protected":false},"featured_media":22872,"comment_status":"open","ping_status":"closed","template":"","meta":[],"product_cat":[20],"product_tag":[],"class_list":{"0":"post-16792","1":"product","2":"type-product","3":"status-publish","4":"has-post-thumbnail","6":"product_cat-accessories","8":"first","9":"instock","10":"shipping-taxable","11":"product-type-simple"},"jetpack_sharing_enabled":true,"_links":{"self":[{"href":"https:\/\/para-pharmacity.tn\/index.php?rest_route=\/wp\/v2\/product\/16792","targetHints":{"allow":["GET"]}}],"collection":[{"href":"https:\/\/para-pharmacity.tn\/index.php?rest_route=\/wp\/v2\/product"}],"about":[{"href":"https:\/\/para-pharmacity.tn\/index.php?rest_route=\/wp\/v2\/types\/product"}],"replies":[{"embeddable":true,"href":"https:\/\/para-pharmacity.tn\/index.php?rest_route=%2Fwp%2Fv2%2Fcomments&post=16792"}],"version-history":[{"count":1,"href":"https:\/\/para-pharmacity.tn\/index.php?rest_route=\/wp\/v2\/product\/16792\/revisions"}],"predecessor-version":[{"id":22873,"href":"https:\/\/para-pharmacity.tn\/index.php?rest_route=\/wp\/v2\/product\/16792\/revisions\/22873"}],"wp:featuredmedia":[{"embeddable":true,"href":"https:\/\/para-pharmacity.tn\/index.php?rest_route=\/wp\/v2\/media\/22872"}],"wp:attachment":[{"href":"https:\/\/para-pharmacity.tn\/index.php?rest_route=%2Fwp%2Fv2%2Fmedia&parent=16792"}],"wp:term":[{"taxonomy":"product_cat","embeddable":true,"href":"https:\/\/para-pharmacity.tn\/index.php?rest_route=%2Fwp%2Fv2%2Fproduct_cat&post=16792"},{"taxonomy":"product_tag","embeddable":true,"href":"https:\/\/para-pharmacity.tn\/index.php?rest_route=%2Fwp%2Fv2%2Fproduct_tag&post=16792"}],"curies":[{"name":"wp","href":"https:\/\/api.w.org\/{rel}","templated":true}]}}