{"id":16767,"date":"2024-07-10T22:59:04","date_gmt":"2024-07-10T22:59:04","guid":{"rendered":"https:\/\/para-pharmacity.tn\/?product=dermedic-hyd-3-gel-nettoyant-200-ml"},"modified":"2024-07-22T13:43:38","modified_gmt":"2024-07-22T13:43:38","slug":"dermedic-hyd-3-gel-nettoyant-200-ml","status":"publish","type":"product","link":"https:\/\/para-pharmacity.tn\/?product=dermedic-hyd-3-gel-nettoyant-200-ml","title":{"rendered":"DERMEDIC HYD 3 GEL NETTOYANT 200 ML"},"content":{"rendered":"<p><strong>DESCRIPTION:<\/strong><\/p>\n<p>\u00c9limine efficacement le maquillage et toutes les impuret\u00e9s<\/p>\n<p>Sans SLS et SLES &#8211; il ne provoque pas d&rsquo;irritations cutan\u00e9es, il ne viole pas la couche hydrolipidique naturelle<\/p>\n<p>Il est parfait pour les personnes qui ne tol\u00e8rent pas les agents de lavage traditionnels.<\/p>\n<p>Hypoallerg\u00e9nique<\/p>\n<p><strong>Conseil d&rsquo;utilisation:<\/strong><\/p>\n<p id=\"tw-target-text\" class=\"tw-data-text tw-ta tw-text-small\" dir=\"ltr\"><span lang=\"fr\" xml:lang=\"fr\">Appliquez une petite quantit\u00e9 sur la peau humide, massez doucement en mouvements circulaires, rincez abondamment.<\/span><\/p>\n","protected":false},"excerpt":{"rendered":"<p>Dermedic Hydrain gel nettoyant \u00e9limine efficacement le maquillage et toutes les impuret\u00e9s.<\/p>\n<p>Recommand\u00e9 pour la peau sensible, s\u00e8che ou tr\u00e8s s\u00e8che.<\/p>\n","protected":false},"featured_media":22812,"comment_status":"open","ping_status":"closed","template":"","meta":[],"product_cat":[20],"product_tag":[],"class_list":{"0":"post-16767","1":"product","2":"type-product","3":"status-publish","4":"has-post-thumbnail","6":"product_cat-accessories","8":"first","9":"instock","10":"shipping-taxable","11":"product-type-simple"},"jetpack_sharing_enabled":true,"_links":{"self":[{"href":"https:\/\/para-pharmacity.tn\/index.php?rest_route=\/wp\/v2\/product\/16767","targetHints":{"allow":["GET"]}}],"collection":[{"href":"https:\/\/para-pharmacity.tn\/index.php?rest_route=\/wp\/v2\/product"}],"about":[{"href":"https:\/\/para-pharmacity.tn\/index.php?rest_route=\/wp\/v2\/types\/product"}],"replies":[{"embeddable":true,"href":"https:\/\/para-pharmacity.tn\/index.php?rest_route=%2Fwp%2Fv2%2Fcomments&post=16767"}],"version-history":[{"count":2,"href":"https:\/\/para-pharmacity.tn\/index.php?rest_route=\/wp\/v2\/product\/16767\/revisions"}],"predecessor-version":[{"id":22813,"href":"https:\/\/para-pharmacity.tn\/index.php?rest_route=\/wp\/v2\/product\/16767\/revisions\/22813"}],"wp:featuredmedia":[{"embeddable":true,"href":"https:\/\/para-pharmacity.tn\/index.php?rest_route=\/wp\/v2\/media\/22812"}],"wp:attachment":[{"href":"https:\/\/para-pharmacity.tn\/index.php?rest_route=%2Fwp%2Fv2%2Fmedia&parent=16767"}],"wp:term":[{"taxonomy":"product_cat","embeddable":true,"href":"https:\/\/para-pharmacity.tn\/index.php?rest_route=%2Fwp%2Fv2%2Fproduct_cat&post=16767"},{"taxonomy":"product_tag","embeddable":true,"href":"https:\/\/para-pharmacity.tn\/index.php?rest_route=%2Fwp%2Fv2%2Fproduct_tag&post=16767"}],"curies":[{"name":"wp","href":"https:\/\/api.w.org\/{rel}","templated":true}]}}