{"id":16757,"date":"2024-07-10T22:59:01","date_gmt":"2024-07-10T22:59:01","guid":{"rendered":"https:\/\/para-pharmacity.tn\/?product=dermedic-ecran-spf50-pg-eau-mic-gr"},"modified":"2024-07-22T13:10:24","modified_gmt":"2024-07-22T13:10:24","slug":"dermedic-ecran-spf50-pg-eau-mic-gr","status":"publish","type":"product","link":"https:\/\/para-pharmacity.tn\/?product=dermedic-ecran-spf50-pg-eau-mic-gr","title":{"rendered":"DERMEDIC ECRAN SPF50+ PG +EAU MIC GR"},"content":{"rendered":"<p>DERMEDIC SUNBRELLA cr\u00e8me pour les peaux grasses et mixtes SPF50<\/p>\n<p>Cr\u00e8me protectrice SPF 50+ peau grasse et mixte<\/p>\n<p>Ingr\u00e9dients actifs: Complexe de filtres UVA et UVB, Advanced Protection System, Extrait de romarin, Tussilago Farfarae, Allanto\u00efne, Glyc\u00e9rine, Eau thermale Fournit une protection efficace et durable contre les rayons UVA et UVB \u2013 SPF 50+<\/p>\n<p>\u2013 Soulage l\u2019irritation et l\u2019inflammation s\u00e9borrh\u00e9ique<\/p>\n<p>\u2013 Il n\u2019obstrue pas les pores \u2013 Photostable, \u00e9tanche<\/p>\n<p>\u2013 Hypoallerg\u00e9nique Conditionnement: Tuba 50 g Comment utiliser: Appliquer uniform\u00e9ment sur la peau au moins 15 minutes avant l\u2019exposition au soleil. L\u2019application doit \u00eatre r\u00e9p\u00e9t\u00e9e plusieurs fois pendant le bronzage.<\/p>\n<p>Pour quelle peau: Recommand\u00e9 pour les peaux grasses et mixtes \u2013 protection contre les rayons UVA et UVB pendant l\u2019exposition au soleil.<\/p>\n","protected":false},"excerpt":{"rendered":"<p>DERMEDIC SUNBRELLA cr\u00e8me pour les peaux grasses et mixtes SPF50 Cr\u00e8me protectrice SPF 50+ peau grasse et mixte Ingr\u00e9dients actifs:<\/p>\n","protected":false},"featured_media":22781,"comment_status":"open","ping_status":"closed","template":"","meta":[],"product_cat":[20],"product_tag":[],"class_list":{"0":"post-16757","1":"product","2":"type-product","3":"status-publish","4":"has-post-thumbnail","6":"product_cat-accessories","8":"first","9":"instock","10":"shipping-taxable","11":"product-type-simple"},"jetpack_sharing_enabled":true,"_links":{"self":[{"href":"https:\/\/para-pharmacity.tn\/index.php?rest_route=\/wp\/v2\/product\/16757","targetHints":{"allow":["GET"]}}],"collection":[{"href":"https:\/\/para-pharmacity.tn\/index.php?rest_route=\/wp\/v2\/product"}],"about":[{"href":"https:\/\/para-pharmacity.tn\/index.php?rest_route=\/wp\/v2\/types\/product"}],"replies":[{"embeddable":true,"href":"https:\/\/para-pharmacity.tn\/index.php?rest_route=%2Fwp%2Fv2%2Fcomments&post=16757"}],"version-history":[{"count":2,"href":"https:\/\/para-pharmacity.tn\/index.php?rest_route=\/wp\/v2\/product\/16757\/revisions"}],"predecessor-version":[{"id":22783,"href":"https:\/\/para-pharmacity.tn\/index.php?rest_route=\/wp\/v2\/product\/16757\/revisions\/22783"}],"wp:featuredmedia":[{"embeddable":true,"href":"https:\/\/para-pharmacity.tn\/index.php?rest_route=\/wp\/v2\/media\/22781"}],"wp:attachment":[{"href":"https:\/\/para-pharmacity.tn\/index.php?rest_route=%2Fwp%2Fv2%2Fmedia&parent=16757"}],"wp:term":[{"taxonomy":"product_cat","embeddable":true,"href":"https:\/\/para-pharmacity.tn\/index.php?rest_route=%2Fwp%2Fv2%2Fproduct_cat&post=16757"},{"taxonomy":"product_tag","embeddable":true,"href":"https:\/\/para-pharmacity.tn\/index.php?rest_route=%2Fwp%2Fv2%2Fproduct_tag&post=16757"}],"curies":[{"name":"wp","href":"https:\/\/api.w.org\/{rel}","templated":true}]}}