{"id":16727,"date":"2024-07-10T22:58:50","date_gmt":"2024-07-10T22:58:50","guid":{"rendered":"https:\/\/para-pharmacity.tn\/?product=dermacare-photosun-creme-pns-1-5-50ml"},"modified":"2024-07-14T22:01:23","modified_gmt":"2024-07-14T22:01:23","slug":"dermacare-photosun-creme-pns-1-5-50ml","status":"publish","type":"product","link":"https:\/\/para-pharmacity.tn\/?product=dermacare-photosun-creme-pns-1-5-50ml","title":{"rendered":"DERMACARE PHOTOSUN CREME PNS 1.5 50ML"},"content":{"rendered":"<p>Cr\u00e8me teint\u00e9e \u00e0 tr\u00e8s haute protection (SPF 50+). Elle prot\u00e8ge la peau des UVA\/UVB et de la lumi\u00e8re bleue. Hydratante et illuminatrice, elle unifie le teint et lui donne un effet bonne mine. Elle lutte contre les signes de vieillesse pr\u00e9matur\u00e9s dus aux m\u00e9faits du soleil.<br \/>\nContenance : 50 ml<\/p>\n","protected":false},"excerpt":{"rendered":"<p>Cr\u00e8me teint\u00e9e \u00e0 tr\u00e8s haute protection (SPF 50+). Elle prot\u00e8ge la peau des UVA\/UVB et de la lumi\u00e8re bleue. Hydratante<\/p>\n","protected":false},"featured_media":22724,"comment_status":"open","ping_status":"closed","template":"","meta":[],"product_cat":[20],"product_tag":[],"class_list":{"0":"post-16727","1":"product","2":"type-product","3":"status-publish","4":"has-post-thumbnail","6":"product_cat-accessories","8":"first","9":"instock","10":"shipping-taxable","11":"product-type-simple"},"jetpack_sharing_enabled":true,"_links":{"self":[{"href":"https:\/\/para-pharmacity.tn\/index.php?rest_route=\/wp\/v2\/product\/16727","targetHints":{"allow":["GET"]}}],"collection":[{"href":"https:\/\/para-pharmacity.tn\/index.php?rest_route=\/wp\/v2\/product"}],"about":[{"href":"https:\/\/para-pharmacity.tn\/index.php?rest_route=\/wp\/v2\/types\/product"}],"replies":[{"embeddable":true,"href":"https:\/\/para-pharmacity.tn\/index.php?rest_route=%2Fwp%2Fv2%2Fcomments&post=16727"}],"version-history":[{"count":1,"href":"https:\/\/para-pharmacity.tn\/index.php?rest_route=\/wp\/v2\/product\/16727\/revisions"}],"predecessor-version":[{"id":22725,"href":"https:\/\/para-pharmacity.tn\/index.php?rest_route=\/wp\/v2\/product\/16727\/revisions\/22725"}],"wp:featuredmedia":[{"embeddable":true,"href":"https:\/\/para-pharmacity.tn\/index.php?rest_route=\/wp\/v2\/media\/22724"}],"wp:attachment":[{"href":"https:\/\/para-pharmacity.tn\/index.php?rest_route=%2Fwp%2Fv2%2Fmedia&parent=16727"}],"wp:term":[{"taxonomy":"product_cat","embeddable":true,"href":"https:\/\/para-pharmacity.tn\/index.php?rest_route=%2Fwp%2Fv2%2Fproduct_cat&post=16727"},{"taxonomy":"product_tag","embeddable":true,"href":"https:\/\/para-pharmacity.tn\/index.php?rest_route=%2Fwp%2Fv2%2Fproduct_tag&post=16727"}],"curies":[{"name":"wp","href":"https:\/\/api.w.org\/{rel}","templated":true}]}}