{"id":16718,"date":"2024-07-10T22:58:48","date_gmt":"2024-07-10T22:58:48","guid":{"rendered":"https:\/\/para-pharmacity.tn\/?product=dermacare-gel-intime-ph-8-200ml"},"modified":"2024-07-14T21:16:24","modified_gmt":"2024-07-14T21:16:24","slug":"dermacare-gel-intime-ph-8-200ml","status":"publish","type":"product","link":"https:\/\/para-pharmacity.tn\/?product=dermacare-gel-intime-ph-8-200ml","title":{"rendered":"DERMACARE GEL INTIME PH 8 200ML"},"content":{"rendered":"<p>Dermacare G\u2019Intime Soin Toilette Intime est disponible en pH 8. Ce gel lavant intime apaise et apporte confort et hydratation. Il pr\u00e9vient de l\u2019apparition d\u00e9ventuels probl\u00e8mes gyn\u00e9cologiques. Utilis\u00e9 au quotidien, il apporte fra\u00eecheur et bien-\u00eatre. Il est formul\u00e9 sans savon et compl\u00e8tement hypoallerg\u00e9nique.<\/p>\n","protected":false},"excerpt":{"rendered":"<p>Dermacare G\u2019Intime Soin Toilette Intime est disponible en pH 8.<\/p>\n<p>Ce gel lavant intime apaise et apporte confort et hydratation.<\/p>\n","protected":false},"featured_media":22703,"comment_status":"open","ping_status":"closed","template":"","meta":[],"product_cat":[20],"product_tag":[],"class_list":{"0":"post-16718","1":"product","2":"type-product","3":"status-publish","4":"has-post-thumbnail","6":"product_cat-accessories","8":"first","9":"instock","10":"shipping-taxable","11":"product-type-simple"},"jetpack_sharing_enabled":true,"_links":{"self":[{"href":"https:\/\/para-pharmacity.tn\/index.php?rest_route=\/wp\/v2\/product\/16718","targetHints":{"allow":["GET"]}}],"collection":[{"href":"https:\/\/para-pharmacity.tn\/index.php?rest_route=\/wp\/v2\/product"}],"about":[{"href":"https:\/\/para-pharmacity.tn\/index.php?rest_route=\/wp\/v2\/types\/product"}],"replies":[{"embeddable":true,"href":"https:\/\/para-pharmacity.tn\/index.php?rest_route=%2Fwp%2Fv2%2Fcomments&post=16718"}],"version-history":[{"count":2,"href":"https:\/\/para-pharmacity.tn\/index.php?rest_route=\/wp\/v2\/product\/16718\/revisions"}],"predecessor-version":[{"id":22705,"href":"https:\/\/para-pharmacity.tn\/index.php?rest_route=\/wp\/v2\/product\/16718\/revisions\/22705"}],"wp:featuredmedia":[{"embeddable":true,"href":"https:\/\/para-pharmacity.tn\/index.php?rest_route=\/wp\/v2\/media\/22703"}],"wp:attachment":[{"href":"https:\/\/para-pharmacity.tn\/index.php?rest_route=%2Fwp%2Fv2%2Fmedia&parent=16718"}],"wp:term":[{"taxonomy":"product_cat","embeddable":true,"href":"https:\/\/para-pharmacity.tn\/index.php?rest_route=%2Fwp%2Fv2%2Fproduct_cat&post=16718"},{"taxonomy":"product_tag","embeddable":true,"href":"https:\/\/para-pharmacity.tn\/index.php?rest_route=%2Fwp%2Fv2%2Fproduct_tag&post=16718"}],"curies":[{"name":"wp","href":"https:\/\/api.w.org\/{rel}","templated":true}]}}