{"id":16715,"date":"2024-07-10T22:58:47","date_gmt":"2024-07-10T22:58:47","guid":{"rendered":"https:\/\/para-pharmacity.tn\/?product=dermacare-eau-solaire-spf50-200-ml"},"modified":"2024-07-14T21:07:44","modified_gmt":"2024-07-14T21:07:44","slug":"dermacare-eau-solaire-spf50-200-ml","status":"publish","type":"product","link":"https:\/\/para-pharmacity.tn\/?product=dermacare-eau-solaire-spf50-200-ml","title":{"rendered":"DERMACARE EAU SOLAIRE SPF50+ 200 ML"},"content":{"rendered":"<p>Dermacare Photosun Eau Solaire SPF50+ en format de 200 ml assure une tr\u00e8s haute protection solaire. Sa texture innovante \u00ab\u00a0water like\u00a0\u00bb est rapidement absorb\u00e9e, offrant une protection efficace \u00e0 la peau.<\/p>\n<p>Cette eau solaire est sp\u00e9cialement formul\u00e9e pour ceux recherchant une protection solaire invisible, l\u00e9g\u00e8re et aqueuse. Enrichie en B\u00eata-Carot\u00e8ne, un booster de bronzage, elle prot\u00e8ge des m\u00e9faits du soleil tout en favorisant un bronzage optimal.<\/p>\n<p>Efficacit\u00e9 :<\/p>\n<p>&#8211; Prot\u00e8ge contre les m\u00e9faits du soleil pour un bronzage optimal.<\/p>\n<p>&#8211; Hydratante, l\u00e9g\u00e8re et rafra\u00eechissante.<\/p>\n<p>&#8211; Fini invisible.<\/p>\n<p>&#8211; Toucher sec, non gras et non collant.<\/p>\n<p>&#8211; R\u00e9siste \u00e0 l&rsquo;eau et \u00e0 la transpiration.<\/p>\n<p>Conseils d&rsquo;utilisation :<\/p>\n<p>Bien agiter avant l&#8217;emploi pour obtenir un liquide homog\u00e8ne.<\/p>\n<p>Appliquer g\u00e9n\u00e9reusement sur l&rsquo;ensemble du corps avant l&rsquo;exposition au soleil.<\/p>\n<p>Renouveler l&rsquo;application apr\u00e8s avoir transpir\u00e9, nag\u00e9 ou s&rsquo;\u00eatre essuy\u00e9.<\/p>\n<p>Renouvelez fr\u00e9quemment l&rsquo;application, surtout apr\u00e8s avoir transpir\u00e9, nag\u00e9 ou s&rsquo;\u00eatre essuy\u00e9. \u00c9vitez d&rsquo;appliquer directement sur le visage ; vaporisez dans les mains, puis appliquez. \u00c9vitez le contact avec les yeux.<\/p>\n","protected":false},"excerpt":{"rendered":"<p>Dermacare Photosun Eau Solaire SPF50+ en format de 200 ml assure une tr\u00e8s haute protection solaire. Sa texture innovante \u00ab\u00a0water like\u00a0\u00bb est rapidement absorb\u00e9e, offrant une protection efficace \u00e0 la peau.<\/p>\n","protected":false},"featured_media":22696,"comment_status":"open","ping_status":"closed","template":"","meta":[],"product_cat":[20],"product_tag":[],"class_list":{"0":"post-16715","1":"product","2":"type-product","3":"status-publish","4":"has-post-thumbnail","6":"product_cat-accessories","8":"first","9":"instock","10":"shipping-taxable","11":"product-type-simple"},"jetpack_sharing_enabled":true,"_links":{"self":[{"href":"https:\/\/para-pharmacity.tn\/index.php?rest_route=\/wp\/v2\/product\/16715","targetHints":{"allow":["GET"]}}],"collection":[{"href":"https:\/\/para-pharmacity.tn\/index.php?rest_route=\/wp\/v2\/product"}],"about":[{"href":"https:\/\/para-pharmacity.tn\/index.php?rest_route=\/wp\/v2\/types\/product"}],"replies":[{"embeddable":true,"href":"https:\/\/para-pharmacity.tn\/index.php?rest_route=%2Fwp%2Fv2%2Fcomments&post=16715"}],"version-history":[{"count":2,"href":"https:\/\/para-pharmacity.tn\/index.php?rest_route=\/wp\/v2\/product\/16715\/revisions"}],"predecessor-version":[{"id":22697,"href":"https:\/\/para-pharmacity.tn\/index.php?rest_route=\/wp\/v2\/product\/16715\/revisions\/22697"}],"wp:featuredmedia":[{"embeddable":true,"href":"https:\/\/para-pharmacity.tn\/index.php?rest_route=\/wp\/v2\/media\/22696"}],"wp:attachment":[{"href":"https:\/\/para-pharmacity.tn\/index.php?rest_route=%2Fwp%2Fv2%2Fmedia&parent=16715"}],"wp:term":[{"taxonomy":"product_cat","embeddable":true,"href":"https:\/\/para-pharmacity.tn\/index.php?rest_route=%2Fwp%2Fv2%2Fproduct_cat&post=16715"},{"taxonomy":"product_tag","embeddable":true,"href":"https:\/\/para-pharmacity.tn\/index.php?rest_route=%2Fwp%2Fv2%2Fproduct_tag&post=16715"}],"curies":[{"name":"wp","href":"https:\/\/api.w.org\/{rel}","templated":true}]}}