{"id":16711,"date":"2024-07-10T22:58:46","date_gmt":"2024-07-10T22:58:46","guid":{"rendered":"https:\/\/para-pharmacity.tn\/?product=dermacare-bactigyene"},"modified":"2024-07-12T15:17:14","modified_gmt":"2024-07-12T15:17:14","slug":"dermacare-bactigyene","status":"publish","type":"product","link":"https:\/\/para-pharmacity.tn\/?product=dermacare-bactigyene","title":{"rendered":"DERMACARE BACTIGYENE"},"content":{"rendered":"<p>Les lactobacilles sont des bact\u00e9ries naturellement pr\u00e9sentes dans notre organisme. Issu de la recherche CCD, BACTIGYN Oral est un compl\u00e9ment alimentaire formul\u00e9 \u00e0 partir de diff\u00e9rentes souches de Lactobacilles dos\u00e9s \u00e0 2.102.10<sup>9<\/sup>\u00a0UFC*.<\/p>\n","protected":false},"excerpt":{"rendered":"<p>Les lactobacilles sont des bact\u00e9ries naturellement pr\u00e9sentes dans notre organisme. Issu de la recherche CCD, BACTIGYN Oral est un compl\u00e9ment<\/p>\n","protected":false},"featured_media":22681,"comment_status":"open","ping_status":"closed","template":"","meta":[],"product_cat":[20],"product_tag":[],"class_list":{"0":"post-16711","1":"product","2":"type-product","3":"status-publish","4":"has-post-thumbnail","6":"product_cat-accessories","8":"first","9":"instock","10":"shipping-taxable","11":"product-type-simple"},"jetpack_sharing_enabled":true,"_links":{"self":[{"href":"https:\/\/para-pharmacity.tn\/index.php?rest_route=\/wp\/v2\/product\/16711","targetHints":{"allow":["GET"]}}],"collection":[{"href":"https:\/\/para-pharmacity.tn\/index.php?rest_route=\/wp\/v2\/product"}],"about":[{"href":"https:\/\/para-pharmacity.tn\/index.php?rest_route=\/wp\/v2\/types\/product"}],"replies":[{"embeddable":true,"href":"https:\/\/para-pharmacity.tn\/index.php?rest_route=%2Fwp%2Fv2%2Fcomments&post=16711"}],"version-history":[{"count":2,"href":"https:\/\/para-pharmacity.tn\/index.php?rest_route=\/wp\/v2\/product\/16711\/revisions"}],"predecessor-version":[{"id":22683,"href":"https:\/\/para-pharmacity.tn\/index.php?rest_route=\/wp\/v2\/product\/16711\/revisions\/22683"}],"wp:featuredmedia":[{"embeddable":true,"href":"https:\/\/para-pharmacity.tn\/index.php?rest_route=\/wp\/v2\/media\/22681"}],"wp:attachment":[{"href":"https:\/\/para-pharmacity.tn\/index.php?rest_route=%2Fwp%2Fv2%2Fmedia&parent=16711"}],"wp:term":[{"taxonomy":"product_cat","embeddable":true,"href":"https:\/\/para-pharmacity.tn\/index.php?rest_route=%2Fwp%2Fv2%2Fproduct_cat&post=16711"},{"taxonomy":"product_tag","embeddable":true,"href":"https:\/\/para-pharmacity.tn\/index.php?rest_route=%2Fwp%2Fv2%2Fproduct_tag&post=16711"}],"curies":[{"name":"wp","href":"https:\/\/api.w.org\/{rel}","templated":true}]}}