{"id":16688,"date":"2024-07-10T22:58:37","date_gmt":"2024-07-10T22:58:37","guid":{"rendered":"https:\/\/para-pharmacity.tn\/?product=deo-homme-rich-men-200ml"},"modified":"2024-07-12T14:32:22","modified_gmt":"2024-07-12T14:32:22","slug":"deo-homme-rich-men-200ml","status":"publish","type":"product","link":"https:\/\/para-pharmacity.tn\/?product=deo-homme-rich-men-200ml","title":{"rendered":"DEO HOMME RICH MEN 200ML"},"content":{"rendered":"<p>Un parfum durable, \u00e9nergique et sophistiqu\u00e9. L\u2019essence m\u00eame de la masculinit\u00e9<br \/>\nIl s\u2019ouvre sur un \u00e9clat p\u00e9tillant de fra\u00eecheur bergamote associ\u00e9 \u00e0 une lavande aromatique et des feuilles de violette parfum\u00e9es qui \u00e9veillent instantan\u00e9ment vos sens.<br \/>\nUn c\u0153ur harmonieux et intrigant de sauge et de g\u00e9ranium infus\u00e9 sans effort de bois blanc cr\u00e9meux vous entra\u00eene dans un puissant s\u00e9chage \u00ab\u00a0foug\u00e8re\u00a0\u00bb, tandis que le sentier m\u00e9lange des facettes bois\u00e9es de subtils ambre, f\u00e8ves tonka et mousse.<br \/>\nComment utiliser<br \/>\nVaporiser le d\u00e9odorant sous les aisselles sur une peau propre et s\u00e8che. \u00c9viter l\u2019application apr\u00e8s l\u2019\u00e9pilation. Ne pas vaporiser dans les yeux ou les muqueuses.<br \/>\nPyramide olfactive<br \/>\nFoug\u00e8re orientale<br \/>\nNote de t\u00eate\u00a0: Bergamote, poire verte, cardamome,<br \/>\nNote de coeur\u00a0: lavande, feuilles violettes, poivre rose, patchouli<br \/>\nNote de base\u00a0: Cashmeran, Ciste, Santal, Praline<\/p>\n","protected":false},"excerpt":{"rendered":"<p>Un parfum durable, \u00e9nergique et sophistiqu\u00e9. L\u2019essence m\u00eame de la masculinit\u00e9 Il s\u2019ouvre sur un \u00e9clat p\u00e9tillant de fra\u00eecheur bergamote<\/p>\n","protected":false},"featured_media":22657,"comment_status":"open","ping_status":"closed","template":"","meta":[],"product_cat":[20],"product_tag":[],"class_list":{"0":"post-16688","1":"product","2":"type-product","3":"status-publish","4":"has-post-thumbnail","6":"product_cat-accessories","8":"first","9":"instock","10":"shipping-taxable","11":"product-type-simple"},"jetpack_sharing_enabled":true,"_links":{"self":[{"href":"https:\/\/para-pharmacity.tn\/index.php?rest_route=\/wp\/v2\/product\/16688","targetHints":{"allow":["GET"]}}],"collection":[{"href":"https:\/\/para-pharmacity.tn\/index.php?rest_route=\/wp\/v2\/product"}],"about":[{"href":"https:\/\/para-pharmacity.tn\/index.php?rest_route=\/wp\/v2\/types\/product"}],"replies":[{"embeddable":true,"href":"https:\/\/para-pharmacity.tn\/index.php?rest_route=%2Fwp%2Fv2%2Fcomments&post=16688"}],"version-history":[{"count":1,"href":"https:\/\/para-pharmacity.tn\/index.php?rest_route=\/wp\/v2\/product\/16688\/revisions"}],"predecessor-version":[{"id":22658,"href":"https:\/\/para-pharmacity.tn\/index.php?rest_route=\/wp\/v2\/product\/16688\/revisions\/22658"}],"wp:featuredmedia":[{"embeddable":true,"href":"https:\/\/para-pharmacity.tn\/index.php?rest_route=\/wp\/v2\/media\/22657"}],"wp:attachment":[{"href":"https:\/\/para-pharmacity.tn\/index.php?rest_route=%2Fwp%2Fv2%2Fmedia&parent=16688"}],"wp:term":[{"taxonomy":"product_cat","embeddable":true,"href":"https:\/\/para-pharmacity.tn\/index.php?rest_route=%2Fwp%2Fv2%2Fproduct_cat&post=16688"},{"taxonomy":"product_tag","embeddable":true,"href":"https:\/\/para-pharmacity.tn\/index.php?rest_route=%2Fwp%2Fv2%2Fproduct_tag&post=16688"}],"curies":[{"name":"wp","href":"https:\/\/api.w.org\/{rel}","templated":true}]}}