{"id":16669,"date":"2024-07-10T22:58:30","date_gmt":"2024-07-10T22:58:30","guid":{"rendered":"https:\/\/para-pharmacity.tn\/?product=deo-femme-unperdictable-lady"},"modified":"2024-07-25T19:51:00","modified_gmt":"2024-07-25T19:51:00","slug":"deo-femme-unperdictable-lady","status":"publish","type":"product","link":"https:\/\/para-pharmacity.tn\/?product=deo-femme-unperdictable-lady","title":{"rendered":"DEO FEMME UNPERDICTABLE LADY"},"content":{"rendered":"<p><em>Agrumes, Aromatique, Bois\u00e9<\/em><\/p>\n<h5><strong>NOTES DE T\u00caTE<\/strong><\/h5>\n<p>Bergamote, Pamplemousse, Ananas, Cardamome<\/p>\n<h5><strong>NOTES DE COEUR<\/strong><\/h5>\n<p>Th\u00e9 Ozonique, Lavande, Fleur d&rsquo;Eau<\/p>\n<h5><strong>NOTES DE BASE<\/strong><\/h5>\n<p>Ambre, Musc, Bois de Santal, Bois Blanc<\/p>\n","protected":false},"excerpt":{"rendered":"<p>Agrumes, Aromatique, Bois\u00e9 NOTES DE T\u00caTE Bergamote, Pamplemousse, Ananas, Cardamome NOTES DE COEUR Th\u00e9 Ozonique, Lavande, Fleur d&rsquo;Eau NOTES DE<\/p>\n","protected":false},"featured_media":23088,"comment_status":"open","ping_status":"closed","template":"","meta":[],"product_cat":[20],"product_tag":[],"class_list":{"0":"post-16669","1":"product","2":"type-product","3":"status-publish","4":"has-post-thumbnail","6":"product_cat-accessories","8":"first","9":"instock","10":"shipping-taxable","11":"product-type-simple"},"jetpack_sharing_enabled":true,"_links":{"self":[{"href":"https:\/\/para-pharmacity.tn\/index.php?rest_route=\/wp\/v2\/product\/16669","targetHints":{"allow":["GET"]}}],"collection":[{"href":"https:\/\/para-pharmacity.tn\/index.php?rest_route=\/wp\/v2\/product"}],"about":[{"href":"https:\/\/para-pharmacity.tn\/index.php?rest_route=\/wp\/v2\/types\/product"}],"replies":[{"embeddable":true,"href":"https:\/\/para-pharmacity.tn\/index.php?rest_route=%2Fwp%2Fv2%2Fcomments&post=16669"}],"version-history":[{"count":4,"href":"https:\/\/para-pharmacity.tn\/index.php?rest_route=\/wp\/v2\/product\/16669\/revisions"}],"predecessor-version":[{"id":23089,"href":"https:\/\/para-pharmacity.tn\/index.php?rest_route=\/wp\/v2\/product\/16669\/revisions\/23089"}],"wp:featuredmedia":[{"embeddable":true,"href":"https:\/\/para-pharmacity.tn\/index.php?rest_route=\/wp\/v2\/media\/23088"}],"wp:attachment":[{"href":"https:\/\/para-pharmacity.tn\/index.php?rest_route=%2Fwp%2Fv2%2Fmedia&parent=16669"}],"wp:term":[{"taxonomy":"product_cat","embeddable":true,"href":"https:\/\/para-pharmacity.tn\/index.php?rest_route=%2Fwp%2Fv2%2Fproduct_cat&post=16669"},{"taxonomy":"product_tag","embeddable":true,"href":"https:\/\/para-pharmacity.tn\/index.php?rest_route=%2Fwp%2Fv2%2Fproduct_tag&post=16669"}],"curies":[{"name":"wp","href":"https:\/\/api.w.org\/{rel}","templated":true}]}}