{"id":16645,"date":"2024-07-10T22:58:20","date_gmt":"2024-07-10T22:58:20","guid":{"rendered":"https:\/\/para-pharmacity.tn\/?product=deo-air-d-orient-200ml"},"modified":"2024-07-12T11:55:38","modified_gmt":"2024-07-12T11:55:38","slug":"deo-air-d-orient-200ml","status":"publish","type":"product","link":"https:\/\/para-pharmacity.tn\/?product=deo-air-d-orient-200ml","title":{"rendered":"DEO AIR D ORIENT 200ML"},"content":{"rendered":"<p>&#8211; Oud vanille est un parfum oriental bois\u00e9 pour homme et femme. C&rsquo;est un nouveau parfum qui a \u00e9t\u00e9 lanc\u00e9 en 2021.<\/p>\n<p>&#8211; Les notes de t\u00eate sont orange, framboise et caramel; les notes de c\u0153ur sont rose, violette, jasmin, patchouli et encens; les notes de fond sont notes bois\u00e9es, \u00e9pices, musc et vanille.<\/p>\n<p>&#8211; C&rsquo;est un parfum de charme et de myst\u00e8re tel un joyau pr\u00e9cieux dans son \u00e9crin de velours.<\/p>\n<p>&#8211; Volume : 200ml<\/p>\n","protected":false},"excerpt":{"rendered":"<p>&#8211; Oud vanille est un parfum oriental bois\u00e9 pour homme et femme. C&rsquo;est un nouveau parfum qui a \u00e9t\u00e9 lanc\u00e9<\/p>\n","protected":false},"featured_media":22546,"comment_status":"open","ping_status":"closed","template":"","meta":[],"product_cat":[20],"product_tag":[],"class_list":{"0":"post-16645","1":"product","2":"type-product","3":"status-publish","4":"has-post-thumbnail","6":"product_cat-accessories","8":"first","9":"instock","10":"shipping-taxable","11":"product-type-simple"},"jetpack_sharing_enabled":true,"_links":{"self":[{"href":"https:\/\/para-pharmacity.tn\/index.php?rest_route=\/wp\/v2\/product\/16645","targetHints":{"allow":["GET"]}}],"collection":[{"href":"https:\/\/para-pharmacity.tn\/index.php?rest_route=\/wp\/v2\/product"}],"about":[{"href":"https:\/\/para-pharmacity.tn\/index.php?rest_route=\/wp\/v2\/types\/product"}],"replies":[{"embeddable":true,"href":"https:\/\/para-pharmacity.tn\/index.php?rest_route=%2Fwp%2Fv2%2Fcomments&post=16645"}],"version-history":[{"count":1,"href":"https:\/\/para-pharmacity.tn\/index.php?rest_route=\/wp\/v2\/product\/16645\/revisions"}],"predecessor-version":[{"id":22547,"href":"https:\/\/para-pharmacity.tn\/index.php?rest_route=\/wp\/v2\/product\/16645\/revisions\/22547"}],"wp:featuredmedia":[{"embeddable":true,"href":"https:\/\/para-pharmacity.tn\/index.php?rest_route=\/wp\/v2\/media\/22546"}],"wp:attachment":[{"href":"https:\/\/para-pharmacity.tn\/index.php?rest_route=%2Fwp%2Fv2%2Fmedia&parent=16645"}],"wp:term":[{"taxonomy":"product_cat","embeddable":true,"href":"https:\/\/para-pharmacity.tn\/index.php?rest_route=%2Fwp%2Fv2%2Fproduct_cat&post=16645"},{"taxonomy":"product_tag","embeddable":true,"href":"https:\/\/para-pharmacity.tn\/index.php?rest_route=%2Fwp%2Fv2%2Fproduct_tag&post=16645"}],"curies":[{"name":"wp","href":"https:\/\/api.w.org\/{rel}","templated":true}]}}