{"id":16637,"date":"2024-07-10T22:58:18","date_gmt":"2024-07-10T22:58:18","guid":{"rendered":"https:\/\/para-pharmacity.tn\/?product=daylong-repair-after-sun"},"modified":"2024-07-12T11:38:01","modified_gmt":"2024-07-12T11:38:01","slug":"daylong-repair-after-sun","status":"publish","type":"product","link":"https:\/\/para-pharmacity.tn\/?product=daylong-repair-after-sun","title":{"rendered":"DAYLONG REPAIR AFTER SUN"},"content":{"rendered":"<h2>Description<\/h2>\n<p>DAYLONG After Sun Repair est une protection apr\u00e8s soleil qui favorise les m\u00e9canismes de r\u00e9paration naturels de la peau. Pour le visage et pour le corps, elle convient surtout aux peaux irrit\u00e9es suite \u00e0 une exposition solaire et aux peaux sensibilis\u00e9es suite \u00e0 un traitement dermatologique (peeling, laser, \u00e9pilation). DAYLONG AFTER SUN REPAIR est enrichi en actifs hydratants et permet de r\u00e9g\u00e9n\u00e9rer rapidement les peaux irrit\u00e9es par le soleil. D\u00e9licatement parfum\u00e9e, elle p\u00e9n\u00e8tre rapidement et offre une agr\u00e9able sensation de douceur et de confort.<\/p>\n<h2>Conseils d&rsquo;utilisation<\/h2>\n<p>Appliquez g\u00e9n\u00e9reusement la lotion DAYLONG After Sun Repair sur le visage et sur le corps apr\u00e8s l&rsquo;exposition au soleil.<\/p>\n<h2>Composition<\/h2>\n<p>Sans conservateurs ajout\u00e9s. Enrichie en actifs hydratants : Endonucl\u00e9ase (enzyme de r\u00e9paration de l&rsquo;ADN), glyc\u00e9rine, vitamine E et dexpanth\u00e9nol Eau, triglyc\u00e9ride caprylique\/caprique, squalane, pentyl\u00e8ne glycol, alcool b\u00e9h\u00e9nique, glyc\u00e9rine, Butyrospermum Parkii, panth\u00e9nol, tocoph\u00e9rol, Micrococcus Lysate, l\u00e9cithine, polyglyc\u00e9ryl-10 pentast\u00e9arate, sodium st\u00e9aroyl lactylate, carbom\u00e8re, gomme xanthane, hydroxyde de sodium, EDTA disodique, ph\u00e9noxy\u00e9thanol, parfum.<\/p>\n","protected":false},"excerpt":{"rendered":"<p>Description DAYLONG After Sun Repair est une protection apr\u00e8s soleil qui favorise les m\u00e9canismes de r\u00e9paration naturels de la peau.<\/p>\n","protected":false},"featured_media":22527,"comment_status":"open","ping_status":"closed","template":"","meta":[],"product_cat":[20],"product_tag":[],"class_list":{"0":"post-16637","1":"product","2":"type-product","3":"status-publish","4":"has-post-thumbnail","6":"product_cat-accessories","8":"first","9":"instock","10":"shipping-taxable","11":"product-type-simple"},"jetpack_sharing_enabled":true,"_links":{"self":[{"href":"https:\/\/para-pharmacity.tn\/index.php?rest_route=\/wp\/v2\/product\/16637","targetHints":{"allow":["GET"]}}],"collection":[{"href":"https:\/\/para-pharmacity.tn\/index.php?rest_route=\/wp\/v2\/product"}],"about":[{"href":"https:\/\/para-pharmacity.tn\/index.php?rest_route=\/wp\/v2\/types\/product"}],"replies":[{"embeddable":true,"href":"https:\/\/para-pharmacity.tn\/index.php?rest_route=%2Fwp%2Fv2%2Fcomments&post=16637"}],"version-history":[{"count":2,"href":"https:\/\/para-pharmacity.tn\/index.php?rest_route=\/wp\/v2\/product\/16637\/revisions"}],"predecessor-version":[{"id":22528,"href":"https:\/\/para-pharmacity.tn\/index.php?rest_route=\/wp\/v2\/product\/16637\/revisions\/22528"}],"wp:featuredmedia":[{"embeddable":true,"href":"https:\/\/para-pharmacity.tn\/index.php?rest_route=\/wp\/v2\/media\/22527"}],"wp:attachment":[{"href":"https:\/\/para-pharmacity.tn\/index.php?rest_route=%2Fwp%2Fv2%2Fmedia&parent=16637"}],"wp:term":[{"taxonomy":"product_cat","embeddable":true,"href":"https:\/\/para-pharmacity.tn\/index.php?rest_route=%2Fwp%2Fv2%2Fproduct_cat&post=16637"},{"taxonomy":"product_tag","embeddable":true,"href":"https:\/\/para-pharmacity.tn\/index.php?rest_route=%2Fwp%2Fv2%2Fproduct_tag&post=16637"}],"curies":[{"name":"wp","href":"https:\/\/api.w.org\/{rel}","templated":true}]}}