{"id":16635,"date":"2024-07-10T22:58:17","date_gmt":"2024-07-10T22:58:17","guid":{"rendered":"https:\/\/para-pharmacity.tn\/?product=daylong-extreme-gel-50-ml"},"modified":"2024-07-12T11:28:51","modified_gmt":"2024-07-12T11:28:51","slug":"daylong-extreme-gel-50-ml","status":"publish","type":"product","link":"https:\/\/para-pharmacity.tn\/?product=daylong-extreme-gel-50-ml","title":{"rendered":"DAYLONG EXTREME GEL 50 ML"},"content":{"rendered":"<p><strong>Description:<\/strong><\/p>\n<p>Daylong<strong class=\"original\">\u2122<\/strong>\u00a0extreme SPF 50+ offre une protection pour les peaux sensibles et grasses, test\u00e9 dermatologiquement, il laisse une sensation agr\u00e9able L\u2019efficacit\u00e9 et la tol\u00e9rance cutan\u00e9e a \u00e9t\u00e9 prouv\u00e9e lors d\u2019un essai clinique sur des peaux souffrant d\u2019allergies solaires.<\/p>\n<p><strong>Indications :<\/strong><\/p>\n<ul>\n<li>Peaux tr\u00e8s claires (phototypes I et II)<\/li>\n<li>Peaux tr\u00e8s sensibles<\/li>\n<li>Peaux allergiques au soleil<\/li>\n<li>Peaux grasses ou \u00e0 tendance acn\u00e9ique<\/li>\n<li>Pr\u00e9vention des taches de pigmentation (grossesse, photosensibilisation)<\/li>\n<li>Cicatrices et post laser<\/li>\n<li>Visage et corps<\/li>\n<\/ul>\n<p><strong>Plaisir et confort d\u2019utilisation :<\/strong><\/p>\n<ul>\n<li>texture non grasse<\/li>\n<li>grande absorbtion<\/li>\n<li>sec<\/li>\n<li>r\u00e9siste \u00e0 l&rsquo;eau et \u00e0 la transpiration<\/li>\n<li>Ne pique pas les yeux<\/li>\n<li>id\u00e9al pour les sportifs<\/li>\n<\/ul>\n<p><strong>Conseils d\u2019utilisation:<br \/>\n<\/strong><\/p>\n<ul>\n<li>L&rsquo;application se fait 20 minutes avant l&rsquo;expositionau soleil.<\/li>\n<li>Il ne faut pas appliquer en petites quantit\u00e9s car \u00e7a r\u00e9duit l&rsquo;efficacit\u00e9. Aplliquer apr\u00e8s chaque transpiration et baignade.<\/li>\n<li>M\u00eame les produits antisolaires\u00a0ne prot\u00e8gent pas contre les rayons UV, une exposition longue dur\u00e9e au soleil est dangereuse.<\/li>\n<\/ul>\n","protected":false},"excerpt":{"rendered":"<p>Description: Daylong\u2122\u00a0extreme SPF 50+ offre une protection pour les peaux sensibles et grasses, test\u00e9 dermatologiquement, il laisse une sensation agr\u00e9able<\/p>\n","protected":false},"featured_media":22522,"comment_status":"open","ping_status":"closed","template":"","meta":[],"product_cat":[20],"product_tag":[],"class_list":{"0":"post-16635","1":"product","2":"type-product","3":"status-publish","4":"has-post-thumbnail","6":"product_cat-accessories","8":"first","9":"instock","10":"shipping-taxable","11":"product-type-simple"},"jetpack_sharing_enabled":true,"_links":{"self":[{"href":"https:\/\/para-pharmacity.tn\/index.php?rest_route=\/wp\/v2\/product\/16635","targetHints":{"allow":["GET"]}}],"collection":[{"href":"https:\/\/para-pharmacity.tn\/index.php?rest_route=\/wp\/v2\/product"}],"about":[{"href":"https:\/\/para-pharmacity.tn\/index.php?rest_route=\/wp\/v2\/types\/product"}],"replies":[{"embeddable":true,"href":"https:\/\/para-pharmacity.tn\/index.php?rest_route=%2Fwp%2Fv2%2Fcomments&post=16635"}],"version-history":[{"count":1,"href":"https:\/\/para-pharmacity.tn\/index.php?rest_route=\/wp\/v2\/product\/16635\/revisions"}],"predecessor-version":[{"id":22523,"href":"https:\/\/para-pharmacity.tn\/index.php?rest_route=\/wp\/v2\/product\/16635\/revisions\/22523"}],"wp:featuredmedia":[{"embeddable":true,"href":"https:\/\/para-pharmacity.tn\/index.php?rest_route=\/wp\/v2\/media\/22522"}],"wp:attachment":[{"href":"https:\/\/para-pharmacity.tn\/index.php?rest_route=%2Fwp%2Fv2%2Fmedia&parent=16635"}],"wp:term":[{"taxonomy":"product_cat","embeddable":true,"href":"https:\/\/para-pharmacity.tn\/index.php?rest_route=%2Fwp%2Fv2%2Fproduct_cat&post=16635"},{"taxonomy":"product_tag","embeddable":true,"href":"https:\/\/para-pharmacity.tn\/index.php?rest_route=%2Fwp%2Fv2%2Fproduct_tag&post=16635"}],"curies":[{"name":"wp","href":"https:\/\/api.w.org\/{rel}","templated":true}]}}