{"id":16634,"date":"2024-07-10T22:58:17","date_gmt":"2024-07-10T22:58:17","guid":{"rendered":"https:\/\/para-pharmacity.tn\/?product=daylong-extreme-gel-100-ml"},"modified":"2024-07-12T11:27:10","modified_gmt":"2024-07-12T11:27:10","slug":"daylong-extreme-gel-100-ml","status":"publish","type":"product","link":"https:\/\/para-pharmacity.tn\/?product=daylong-extreme-gel-100-ml","title":{"rendered":"DAYLONG EXTREME GEL 100 ML"},"content":{"rendered":"<p>C&rsquo;est un lait de protection solaire destin\u00e9 aux peaux tr\u00e8s sensibles Destin\u00e9 aussi aux: Peaux tr\u00e8s claires (phototypes I et II) Peaux sujettes aux coups de soleil Ensoleillement extr\u00eame (montagne, tropique) Intol\u00e9rance ou allergies solaires Propri\u00e9t\u00e9s Tr\u00e8s haute protection SPF 50+ Formule liposomale haute tol\u00e9rance Texture lait non grasse et non collante Extr\u00eamement r\u00e9sistant \u00e0 l&rsquo;eau Sans parfum, sans paraben Une protection longue et sans t\u00e2ches blanches.<\/p>\n<p><strong>Composition:<\/strong><\/p>\n<p>Eau, m\u00e9thyl\u00e8ne bis-benzotriazolyl t\u00e9tramethylbutylph\u00e9nol (nano), salicylate d&rsquo;\u00e9thylhexyle, l\u00e9cithine, polym\u00e8re r\u00e9ticul\u00e9 acide acrylique\/VP, di\u00e9thylhexyl butamido triazone, bis-\u00e9thylhexyloxyph\u00e9nol m\u00e9thoxyph\u00e9nyl triazine, pentyl\u00e8ne glycol, butyl m\u00e9thoxydibenzoylm\u00e9thane, C12-15 alkyl benzoate, dibutyl adipate, dim\u00e9thicone, phosphate de c\u00e9tyle, alcool, sorbitol, tocoph\u00e9rol, d\u00e9cyle glucoside, propyl\u00e8ne glycol, gomme xanthane, alcool c\u00e9tylique, tri\u00e9thanolamine, poudre de jus de feuille d&rsquo;Aloe Barbadensis<\/p>\n","protected":false},"excerpt":{"rendered":"<p>C&rsquo;est un lait de protection solaire destin\u00e9 aux peaux tr\u00e8s sensibles Destin\u00e9 aussi aux: Peaux tr\u00e8s claires (phototypes I et<\/p>\n","protected":false},"featured_media":22520,"comment_status":"open","ping_status":"closed","template":"","meta":[],"product_cat":[20],"product_tag":[],"class_list":{"0":"post-16634","1":"product","2":"type-product","3":"status-publish","4":"has-post-thumbnail","6":"product_cat-accessories","8":"first","9":"instock","10":"shipping-taxable","11":"product-type-simple"},"jetpack_sharing_enabled":true,"_links":{"self":[{"href":"https:\/\/para-pharmacity.tn\/index.php?rest_route=\/wp\/v2\/product\/16634","targetHints":{"allow":["GET"]}}],"collection":[{"href":"https:\/\/para-pharmacity.tn\/index.php?rest_route=\/wp\/v2\/product"}],"about":[{"href":"https:\/\/para-pharmacity.tn\/index.php?rest_route=\/wp\/v2\/types\/product"}],"replies":[{"embeddable":true,"href":"https:\/\/para-pharmacity.tn\/index.php?rest_route=%2Fwp%2Fv2%2Fcomments&post=16634"}],"version-history":[{"count":2,"href":"https:\/\/para-pharmacity.tn\/index.php?rest_route=\/wp\/v2\/product\/16634\/revisions"}],"predecessor-version":[{"id":22521,"href":"https:\/\/para-pharmacity.tn\/index.php?rest_route=\/wp\/v2\/product\/16634\/revisions\/22521"}],"wp:featuredmedia":[{"embeddable":true,"href":"https:\/\/para-pharmacity.tn\/index.php?rest_route=\/wp\/v2\/media\/22520"}],"wp:attachment":[{"href":"https:\/\/para-pharmacity.tn\/index.php?rest_route=%2Fwp%2Fv2%2Fmedia&parent=16634"}],"wp:term":[{"taxonomy":"product_cat","embeddable":true,"href":"https:\/\/para-pharmacity.tn\/index.php?rest_route=%2Fwp%2Fv2%2Fproduct_cat&post=16634"},{"taxonomy":"product_tag","embeddable":true,"href":"https:\/\/para-pharmacity.tn\/index.php?rest_route=%2Fwp%2Fv2%2Fproduct_tag&post=16634"}],"curies":[{"name":"wp","href":"https:\/\/api.w.org\/{rel}","templated":true}]}}