{"id":16633,"date":"2024-07-10T22:58:17","date_gmt":"2024-07-10T22:58:17","guid":{"rendered":"https:\/\/para-pharmacity.tn\/?product=daylong-extreme-50ml"},"modified":"2024-07-12T11:24:20","modified_gmt":"2024-07-12T11:24:20","slug":"daylong-extreme-50ml","status":"publish","type":"product","link":"https:\/\/para-pharmacity.tn\/?product=daylong-extreme-50ml","title":{"rendered":"DAYLONG EXTREME 50ML"},"content":{"rendered":"<p>DAYLONG<br \/>\nExtreme Liposomal<br \/>\nLait solaire<br \/>\nExtra r\u00e9sitant \u00e0 l&rsquo;eau.<br \/>\nSPF 50+<br \/>\nTr\u00e8s haute protection.<br \/>\nPeau extr\u00eamement sensible au soleil<br \/>\n50ml<\/p>\n<p>&nbsp;<\/p>\n<p>Extra r\u00e9sistante \u00e0 l&rsquo;eau et \u00e0 la transpiration, Daylong Extr\u00eame est efficace m\u00eame dans les situations d&rsquo;exposition les plus extr\u00eames.<\/p>\n<p>Tr\u00e8s haute protection pour visage et corps<br \/>\nPhototype I et II (peaux tr\u00e8s claires et claires)<br \/>\nPr\u00e9vention des intol\u00e9rances au soleil: allergie solaire, masque de grossesse, taches brunes, vieillissement cutan\u00e9, etc.<br \/>\nPersonnes sous traitements photo\u2010sensibilisants, microchirurgie, peeling, laser, etc.<br \/>\nConditions d&rsquo;ensoleillement extr\u00eames (haute montagne, tropiques, m\u00e9diterran\u00e9e)<br \/>\nConvient aux adultes et aux enfants de plus de 1 an<\/p>\n","protected":false},"excerpt":{"rendered":"<p>DAYLONG Extreme Liposomal Lait solaire Extra r\u00e9sitant \u00e0 l&rsquo;eau. SPF 50+ Tr\u00e8s haute protection. Peau extr\u00eamement sensible au soleil 50ml<\/p>\n","protected":false},"featured_media":22517,"comment_status":"open","ping_status":"closed","template":"","meta":[],"product_cat":[20],"product_tag":[],"class_list":{"0":"post-16633","1":"product","2":"type-product","3":"status-publish","4":"has-post-thumbnail","6":"product_cat-accessories","8":"first","9":"instock","10":"shipping-taxable","11":"product-type-simple"},"jetpack_sharing_enabled":true,"_links":{"self":[{"href":"https:\/\/para-pharmacity.tn\/index.php?rest_route=\/wp\/v2\/product\/16633","targetHints":{"allow":["GET"]}}],"collection":[{"href":"https:\/\/para-pharmacity.tn\/index.php?rest_route=\/wp\/v2\/product"}],"about":[{"href":"https:\/\/para-pharmacity.tn\/index.php?rest_route=\/wp\/v2\/types\/product"}],"replies":[{"embeddable":true,"href":"https:\/\/para-pharmacity.tn\/index.php?rest_route=%2Fwp%2Fv2%2Fcomments&post=16633"}],"version-history":[{"count":1,"href":"https:\/\/para-pharmacity.tn\/index.php?rest_route=\/wp\/v2\/product\/16633\/revisions"}],"predecessor-version":[{"id":22518,"href":"https:\/\/para-pharmacity.tn\/index.php?rest_route=\/wp\/v2\/product\/16633\/revisions\/22518"}],"wp:featuredmedia":[{"embeddable":true,"href":"https:\/\/para-pharmacity.tn\/index.php?rest_route=\/wp\/v2\/media\/22517"}],"wp:attachment":[{"href":"https:\/\/para-pharmacity.tn\/index.php?rest_route=%2Fwp%2Fv2%2Fmedia&parent=16633"}],"wp:term":[{"taxonomy":"product_cat","embeddable":true,"href":"https:\/\/para-pharmacity.tn\/index.php?rest_route=%2Fwp%2Fv2%2Fproduct_cat&post=16633"},{"taxonomy":"product_tag","embeddable":true,"href":"https:\/\/para-pharmacity.tn\/index.php?rest_route=%2Fwp%2Fv2%2Fproduct_tag&post=16633"}],"curies":[{"name":"wp","href":"https:\/\/api.w.org\/{rel}","templated":true}]}}