{"id":16632,"date":"2024-07-10T22:58:16","date_gmt":"2024-07-10T22:58:16","guid":{"rendered":"https:\/\/para-pharmacity.tn\/?product=daylong-extreme-200ml"},"modified":"2024-07-12T11:22:05","modified_gmt":"2024-07-12T11:22:05","slug":"daylong-extreme-200ml","status":"publish","type":"product","link":"https:\/\/para-pharmacity.tn\/?product=daylong-extreme-200ml","title":{"rendered":"DAYLONG EXTREME 200ML"},"content":{"rendered":"<p>Daylong Extreme Lait Solaire Liposomal SPF 50+ 200 ml est une tr\u00e8s haute protection solaire r\u00e9sistante \u00e0 l&rsquo;eau, pour les peaux extr\u00eamement sensibles au soleil et les expositions extr\u00eames aux UV (montagne, tropiques, etc).Sous forme de lait, cette protection est facile \u00e0 \u00e9taler et nourrit la peau gr\u00e2ce \u00e0 l&rsquo;aloe vera et la vitamine E. Elle est efficace gr\u00e2ce aux filtres UV photo-stables qui offrent une protection contre les UVA et les UVB.Test\u00e9 sous contr\u00f4le dermatologique. Sans conservateur ajout\u00e9, sans parfum.<\/p>\n","protected":false},"excerpt":{"rendered":"<p>Daylong Extreme Lait Solaire Liposomal SPF 50+ 200 ml est une tr\u00e8s haute protection solaire r\u00e9sistante \u00e0 l&rsquo;eau, pour les<\/p>\n","protected":false},"featured_media":22515,"comment_status":"open","ping_status":"closed","template":"","meta":[],"product_cat":[20],"product_tag":[],"class_list":{"0":"post-16632","1":"product","2":"type-product","3":"status-publish","4":"has-post-thumbnail","6":"product_cat-accessories","8":"first","9":"instock","10":"shipping-taxable","11":"product-type-simple"},"jetpack_sharing_enabled":true,"_links":{"self":[{"href":"https:\/\/para-pharmacity.tn\/index.php?rest_route=\/wp\/v2\/product\/16632","targetHints":{"allow":["GET"]}}],"collection":[{"href":"https:\/\/para-pharmacity.tn\/index.php?rest_route=\/wp\/v2\/product"}],"about":[{"href":"https:\/\/para-pharmacity.tn\/index.php?rest_route=\/wp\/v2\/types\/product"}],"replies":[{"embeddable":true,"href":"https:\/\/para-pharmacity.tn\/index.php?rest_route=%2Fwp%2Fv2%2Fcomments&post=16632"}],"version-history":[{"count":1,"href":"https:\/\/para-pharmacity.tn\/index.php?rest_route=\/wp\/v2\/product\/16632\/revisions"}],"predecessor-version":[{"id":22516,"href":"https:\/\/para-pharmacity.tn\/index.php?rest_route=\/wp\/v2\/product\/16632\/revisions\/22516"}],"wp:featuredmedia":[{"embeddable":true,"href":"https:\/\/para-pharmacity.tn\/index.php?rest_route=\/wp\/v2\/media\/22515"}],"wp:attachment":[{"href":"https:\/\/para-pharmacity.tn\/index.php?rest_route=%2Fwp%2Fv2%2Fmedia&parent=16632"}],"wp:term":[{"taxonomy":"product_cat","embeddable":true,"href":"https:\/\/para-pharmacity.tn\/index.php?rest_route=%2Fwp%2Fv2%2Fproduct_cat&post=16632"},{"taxonomy":"product_tag","embeddable":true,"href":"https:\/\/para-pharmacity.tn\/index.php?rest_route=%2Fwp%2Fv2%2Fproduct_tag&post=16632"}],"curies":[{"name":"wp","href":"https:\/\/api.w.org\/{rel}","templated":true}]}}