{"id":16628,"date":"2024-07-10T22:58:15","date_gmt":"2024-07-10T22:58:15","guid":{"rendered":"https:\/\/para-pharmacity.tn\/?product=daydry-10-patches-anti-aureoles"},"modified":"2024-07-12T10:30:34","modified_gmt":"2024-07-12T10:30:34","slug":"daydry-10-patches-anti-aureoles","status":"publish","type":"product","link":"https:\/\/para-pharmacity.tn\/?product=daydry-10-patches-anti-aureoles","title":{"rendered":"DAYDRY 10 PATCHES ANTI AUREOLES"},"content":{"rendered":"<ul>\n<li>Mettre le v\u00eatement \u00e0 l\u2019envers et l\u2019\u00e9taler sur une surface plane stable afin d\u2019exposer les coutures int\u00e9rieures sous les aisselles.<\/li>\n<li>Retirer le film protecteur du patch.Placer la partie courte du Patch Daydry sur la partie des aisselles c\u00f4t\u00e9 manche du v\u00eatement, et la partie longue du patch sur la partie des aisselles c\u00f4t\u00e9 corps du v\u00eatement, de part et d\u2019autre de la couture.<\/li>\n<li>Appuyer fermement pendant 10 secondes tout en poussant les doigts vers l\u2019extr\u00e9mit\u00e9 ext\u00e9rieure du Patch pour assurer une adh\u00e9sion ferme au v\u00eatement. Si l\u2019adh\u00e9sif devient l\u00e2che pendant la journ\u00e9e, appuyer plus de dix secondes lors du prochain usage.<\/li>\n<li>Apr\u00e8s usage, retirer le patch DayDry avant de laver le v\u00eatement et le jeter dans la poubelle de recyclage. Ne pas r\u00e9utiliser le patch et ne pas jeter dans les toilettes<\/li>\n<\/ul>\n","protected":false},"excerpt":{"rendered":"<p>Mettre le v\u00eatement \u00e0 l\u2019envers et l\u2019\u00e9taler sur une surface plane stable afin d\u2019exposer les coutures int\u00e9rieures sous les aisselles.<\/p>\n","protected":false},"featured_media":22503,"comment_status":"open","ping_status":"closed","template":"","meta":[],"product_cat":[20],"product_tag":[],"class_list":{"0":"post-16628","1":"product","2":"type-product","3":"status-publish","4":"has-post-thumbnail","6":"product_cat-accessories","8":"first","9":"instock","10":"shipping-taxable","11":"product-type-simple"},"jetpack_sharing_enabled":true,"_links":{"self":[{"href":"https:\/\/para-pharmacity.tn\/index.php?rest_route=\/wp\/v2\/product\/16628","targetHints":{"allow":["GET"]}}],"collection":[{"href":"https:\/\/para-pharmacity.tn\/index.php?rest_route=\/wp\/v2\/product"}],"about":[{"href":"https:\/\/para-pharmacity.tn\/index.php?rest_route=\/wp\/v2\/types\/product"}],"replies":[{"embeddable":true,"href":"https:\/\/para-pharmacity.tn\/index.php?rest_route=%2Fwp%2Fv2%2Fcomments&post=16628"}],"version-history":[{"count":1,"href":"https:\/\/para-pharmacity.tn\/index.php?rest_route=\/wp\/v2\/product\/16628\/revisions"}],"predecessor-version":[{"id":22505,"href":"https:\/\/para-pharmacity.tn\/index.php?rest_route=\/wp\/v2\/product\/16628\/revisions\/22505"}],"wp:featuredmedia":[{"embeddable":true,"href":"https:\/\/para-pharmacity.tn\/index.php?rest_route=\/wp\/v2\/media\/22503"}],"wp:attachment":[{"href":"https:\/\/para-pharmacity.tn\/index.php?rest_route=%2Fwp%2Fv2%2Fmedia&parent=16628"}],"wp:term":[{"taxonomy":"product_cat","embeddable":true,"href":"https:\/\/para-pharmacity.tn\/index.php?rest_route=%2Fwp%2Fv2%2Fproduct_cat&post=16628"},{"taxonomy":"product_tag","embeddable":true,"href":"https:\/\/para-pharmacity.tn\/index.php?rest_route=%2Fwp%2Fv2%2Fproduct_tag&post=16628"}],"curies":[{"name":"wp","href":"https:\/\/api.w.org\/{rel}","templated":true}]}}