{"id":16079,"date":"2024-07-10T22:55:01","date_gmt":"2024-07-10T22:55:01","guid":{"rendered":"https:\/\/para-pharmacity.tn\/?product=beesline-masque-anti-acnee-cactus"},"modified":"2025-05-02T13:50:09","modified_gmt":"2025-05-02T13:50:09","slug":"beesline-masque-anti-acnee-cactus","status":"publish","type":"product","link":"https:\/\/para-pharmacity.tn\/?product=beesline-masque-anti-acnee-cactus","title":{"rendered":"BEESLINE MASQUE ANTI-ACNEE CACTUS"},"content":{"rendered":"<p><strong data-start=\"326\" data-end=\"366\">BEESLINE MASQUE ANTI-ACN\u00c9E AU CACTUS<\/strong> est un soin intensif con\u00e7u pour lutter efficacement contre les boutons, les points noirs et les rougeurs. Enrichi en <strong data-start=\"484\" data-end=\"505\">extrait de cactus<\/strong>, <strong data-start=\"507\" data-end=\"515\">zinc<\/strong> et <strong data-start=\"519\" data-end=\"539\">argile naturelle<\/strong>, ce masque aide \u00e0 <strong data-start=\"558\" data-end=\"580\">purifier les pores<\/strong>, <strong data-start=\"582\" data-end=\"602\">r\u00e9guler le s\u00e9bum<\/strong> et <strong data-start=\"606\" data-end=\"644\">r\u00e9duire les inflammations cutan\u00e9es<\/strong>. Il apaise la peau tout en favorisant la cicatrisation des imperfections. Sa texture fra\u00eeche et agr\u00e9able laisse la peau <strong data-start=\"765\" data-end=\"814\">claire, douce, mate et visiblement plus saine<\/strong> d\u00e8s les premi\u00e8res utilisations. Parfait pour les peaux grasses ou sujettes \u00e0 l\u2019acn\u00e9, il s\u2019utilise 1 \u00e0 2 fois par semaine pour un teint net et \u00e9quilibr\u00e9.<\/p>\n","protected":false},"excerpt":{"rendered":"<p class=\"\" data-start=\"158\" data-end=\"289\">Masque purifiant au cactus, id\u00e9al pour les peaux \u00e0 tendance acn\u00e9ique : r\u00e9duit les imperfections, apaise et r\u00e9gule l&rsquo;exc\u00e8s de s\u00e9bum.<\/p>\n","protected":false},"featured_media":0,"comment_status":"open","ping_status":"closed","template":"","meta":[],"product_cat":[213],"product_tag":[],"class_list":{"0":"post-16079","1":"product","2":"type-product","3":"status-publish","5":"product_cat-visage","7":"first","8":"instock","9":"shipping-taxable","10":"purchasable","11":"product-type-simple"},"jetpack_sharing_enabled":true,"_links":{"self":[{"href":"https:\/\/para-pharmacity.tn\/index.php?rest_route=\/wp\/v2\/product\/16079","targetHints":{"allow":["GET"]}}],"collection":[{"href":"https:\/\/para-pharmacity.tn\/index.php?rest_route=\/wp\/v2\/product"}],"about":[{"href":"https:\/\/para-pharmacity.tn\/index.php?rest_route=\/wp\/v2\/types\/product"}],"replies":[{"embeddable":true,"href":"https:\/\/para-pharmacity.tn\/index.php?rest_route=%2Fwp%2Fv2%2Fcomments&post=16079"}],"version-history":[{"count":2,"href":"https:\/\/para-pharmacity.tn\/index.php?rest_route=\/wp\/v2\/product\/16079\/revisions"}],"predecessor-version":[{"id":25719,"href":"https:\/\/para-pharmacity.tn\/index.php?rest_route=\/wp\/v2\/product\/16079\/revisions\/25719"}],"wp:attachment":[{"href":"https:\/\/para-pharmacity.tn\/index.php?rest_route=%2Fwp%2Fv2%2Fmedia&parent=16079"}],"wp:term":[{"taxonomy":"product_cat","embeddable":true,"href":"https:\/\/para-pharmacity.tn\/index.php?rest_route=%2Fwp%2Fv2%2Fproduct_cat&post=16079"},{"taxonomy":"product_tag","embeddable":true,"href":"https:\/\/para-pharmacity.tn\/index.php?rest_route=%2Fwp%2Fv2%2Fproduct_tag&post=16079"}],"curies":[{"name":"wp","href":"https:\/\/api.w.org\/{rel}","templated":true}]}}