{"id":15953,"date":"2024-07-10T22:54:22","date_gmt":"2024-07-10T22:54:22","guid":{"rendered":"https:\/\/para-pharmacity.tn\/?product=babirose-talc-100g"},"modified":"2025-04-21T10:12:30","modified_gmt":"2025-04-21T10:12:30","slug":"babirose-talc-100g","status":"publish","type":"product","link":"https:\/\/para-pharmacity.tn\/?product=babirose-talc-100g","title":{"rendered":"BABIROSE TALC 100G"},"content":{"rendered":"<p class=\"\" data-start=\"314\" data-end=\"511\"><span class=\"relative -mx-px my-[-0.2rem] rounded px-px py-[0.2rem] transition-colors duration-100 ease-in-out\">La <strong data-start=\"3\" data-end=\"39\">Babirose Poudre de Toilette 100g<\/strong> est sp\u00e9cialement formul\u00e9e pour le soin quotidien de la peau fragile des tout-petits.<\/span> <span class=\"relative -mx-px my-[-0.2rem] rounded px-px py-[0.2rem] transition-colors duration-100 ease-in-out\">Elle aide \u00e0 maintenir la peau s\u00e8che en absorbant l&rsquo;humidit\u00e9, notamment dans les plis cutan\u00e9s, et pr\u00e9vient les rougeurs dues aux frottements.<\/span> <span class=\"relative -mx-px my-[-0.2rem] rounded px-px py-[0.2rem] transition-colors duration-100 ease-in-out\">Sa texture ultra-fine et son parfum d\u00e9licat offrent une sensation de confort et de fra\u00eecheur.<\/span> <span class=\"relative -mx-px my-[-0.2rem] rounded px-px py-[0.2rem] transition-colors duration-100 ease-in-out\">Hypoallerg\u00e9nique, elle convient aux peaux sensibles des b\u00e9b\u00e9s.<\/span>\u200b<\/p>\n<p class=\"\" data-start=\"513\" data-end=\"541\"><strong data-start=\"513\" data-end=\"539\">Conseils d&rsquo;utilisation<\/strong> :<\/p>\n<ul data-start=\"542\" data-end=\"713\">\n<li class=\"\" data-start=\"542\" data-end=\"583\">\n<p class=\"\" data-start=\"544\" data-end=\"583\"><span class=\"relative -mx-px my-[-0.2rem] rounded px-px py-[0.2rem] transition-colors duration-100 ease-in-out\">Apr\u00e8s le bain ou le change, saupoudrez une petite quantit\u00e9 de poudre sur la peau propre et s\u00e8che de b\u00e9b\u00e9.<\/span><\/p>\n<\/li>\n<li class=\"\" data-start=\"584\" data-end=\"625\">\n<p class=\"\" data-start=\"586\" data-end=\"625\"><span class=\"relative -mx-px my-[-0.2rem] rounded px-px py-[0.2rem] transition-colors duration-100 ease-in-out\">Insistez sur les zones sujettes \u00e0 l&rsquo;humidit\u00e9 et aux frottements.<\/span><\/p>\n<\/li>\n<li class=\"\" data-start=\"626\" data-end=\"713\">\n<p class=\"\" data-start=\"628\" data-end=\"713\"><span class=\"relative -mx-px my-[-0.2rem] rounded px-px py-[0.2rem] transition-colors duration-100 ease-in-out\">\u00c9vitez le contact avec les yeux et les muqueuses.<\/span><\/p>\n<\/li>\n<\/ul>\n","protected":false},"excerpt":{"rendered":"<p>Poudre de toilette hypoallerg\u00e9nique qui absorbe l&rsquo;humidit\u00e9, prot\u00e8ge contre les irritations et laisse la peau de b\u00e9b\u00e9 douce et fra\u00eeche.<\/p>\n","protected":false},"featured_media":25373,"comment_status":"open","ping_status":"closed","template":"","meta":[],"product_cat":[243],"product_tag":[],"class_list":{"0":"post-15953","1":"product","2":"type-product","3":"status-publish","4":"has-post-thumbnail","6":"product_cat-bebe-et-maman","8":"first","9":"instock","10":"shipping-taxable","11":"purchasable","12":"product-type-simple"},"jetpack_sharing_enabled":true,"_links":{"self":[{"href":"https:\/\/para-pharmacity.tn\/index.php?rest_route=\/wp\/v2\/product\/15953","targetHints":{"allow":["GET"]}}],"collection":[{"href":"https:\/\/para-pharmacity.tn\/index.php?rest_route=\/wp\/v2\/product"}],"about":[{"href":"https:\/\/para-pharmacity.tn\/index.php?rest_route=\/wp\/v2\/types\/product"}],"replies":[{"embeddable":true,"href":"https:\/\/para-pharmacity.tn\/index.php?rest_route=%2Fwp%2Fv2%2Fcomments&post=15953"}],"version-history":[{"count":2,"href":"https:\/\/para-pharmacity.tn\/index.php?rest_route=\/wp\/v2\/product\/15953\/revisions"}],"predecessor-version":[{"id":25375,"href":"https:\/\/para-pharmacity.tn\/index.php?rest_route=\/wp\/v2\/product\/15953\/revisions\/25375"}],"wp:featuredmedia":[{"embeddable":true,"href":"https:\/\/para-pharmacity.tn\/index.php?rest_route=\/wp\/v2\/media\/25373"}],"wp:attachment":[{"href":"https:\/\/para-pharmacity.tn\/index.php?rest_route=%2Fwp%2Fv2%2Fmedia&parent=15953"}],"wp:term":[{"taxonomy":"product_cat","embeddable":true,"href":"https:\/\/para-pharmacity.tn\/index.php?rest_route=%2Fwp%2Fv2%2Fproduct_cat&post=15953"},{"taxonomy":"product_tag","embeddable":true,"href":"https:\/\/para-pharmacity.tn\/index.php?rest_route=%2Fwp%2Fv2%2Fproduct_tag&post=15953"}],"curies":[{"name":"wp","href":"https:\/\/api.w.org\/{rel}","templated":true}]}}