{"id":15805,"date":"2024-07-10T22:53:34","date_gmt":"2024-07-10T22:53:34","guid":{"rendered":"https:\/\/para-pharmacity.tn\/?product=almaflore-huile-ess-arbre-a-the"},"modified":"2025-04-15T15:02:43","modified_gmt":"2025-04-15T15:02:43","slug":"almaflore-huile-ess-arbre-a-the","status":"publish","type":"product","link":"https:\/\/para-pharmacity.tn\/?product=almaflore-huile-ess-arbre-a-the","title":{"rendered":"ALMAFLORE HUILE ESS ARBRE A THE"},"content":{"rendered":"<p class=\"\" data-start=\"374\" data-end=\"591\">L\u2019huile essentielle d\u2019Arbre \u00e0 Th\u00e9 (Tea Tree) ALMAFLORE est un antiseptique naturel puissant. Obtenue par distillation des feuilles, elle est reconnue pour ses propri\u00e9t\u00e9s antibact\u00e9riennes, antifongiques et antivirales.<\/p>\n<p class=\"\" data-start=\"593\" data-end=\"796\">Elle purifie la peau, aide \u00e0 traiter l\u2019acn\u00e9, les boutons, les mycoses et les petites infections. C\u2019est un incontournable pour la peau \u00e0 probl\u00e8mes, les soins bucco-dentaires et les cuirs chevelus irrit\u00e9s.<\/p>\n<p class=\"\" data-start=\"798\" data-end=\"956\"><strong data-start=\"798\" data-end=\"813\">Utilisation<\/strong> : \u00e0 diluer dans une huile v\u00e9g\u00e9tale avant application cutan\u00e9e. Ne pas utiliser pure directement sur la peau sensible. Usage externe uniquement.<\/p>\n","protected":false},"excerpt":{"rendered":"<p>Huile essentielle 100% pure et naturelle, aux vertus purifiantes et assainissantes. Id\u00e9ale contre l\u2019acn\u00e9, les boutons et les infections cutan\u00e9es.<\/p>\n","protected":false},"featured_media":25142,"comment_status":"open","ping_status":"closed","template":"","meta":[],"product_cat":[211],"product_tag":[],"class_list":{"0":"post-15805","1":"product","2":"type-product","3":"status-publish","4":"has-post-thumbnail","6":"product_cat-cheveux","8":"first","9":"instock","10":"shipping-taxable","11":"purchasable","12":"product-type-simple"},"jetpack_sharing_enabled":true,"_links":{"self":[{"href":"https:\/\/para-pharmacity.tn\/index.php?rest_route=\/wp\/v2\/product\/15805","targetHints":{"allow":["GET"]}}],"collection":[{"href":"https:\/\/para-pharmacity.tn\/index.php?rest_route=\/wp\/v2\/product"}],"about":[{"href":"https:\/\/para-pharmacity.tn\/index.php?rest_route=\/wp\/v2\/types\/product"}],"replies":[{"embeddable":true,"href":"https:\/\/para-pharmacity.tn\/index.php?rest_route=%2Fwp%2Fv2%2Fcomments&post=15805"}],"version-history":[{"count":2,"href":"https:\/\/para-pharmacity.tn\/index.php?rest_route=\/wp\/v2\/product\/15805\/revisions"}],"predecessor-version":[{"id":25144,"href":"https:\/\/para-pharmacity.tn\/index.php?rest_route=\/wp\/v2\/product\/15805\/revisions\/25144"}],"wp:featuredmedia":[{"embeddable":true,"href":"https:\/\/para-pharmacity.tn\/index.php?rest_route=\/wp\/v2\/media\/25142"}],"wp:attachment":[{"href":"https:\/\/para-pharmacity.tn\/index.php?rest_route=%2Fwp%2Fv2%2Fmedia&parent=15805"}],"wp:term":[{"taxonomy":"product_cat","embeddable":true,"href":"https:\/\/para-pharmacity.tn\/index.php?rest_route=%2Fwp%2Fv2%2Fproduct_cat&post=15805"},{"taxonomy":"product_tag","embeddable":true,"href":"https:\/\/para-pharmacity.tn\/index.php?rest_route=%2Fwp%2Fv2%2Fproduct_tag&post=15805"}],"curies":[{"name":"wp","href":"https:\/\/api.w.org\/{rel}","templated":true}]}}